111.192.138.131 - - [22/Apr/2020:15:56:29 +0800] "GET /assets/FontManifest.json HTTP/2.0" 200 185 "https://stg.fygtapp.com/?m=shareV2&t=post&post_safe_id=13d23af2-2bd1-4b0d-b904-df8c99131b0c" "Mozilla/5.0 (Linux; Android 10; MI 9 Transparent Edition Build/QKQ1.190825.002; wv) AppleWebKit/537.36 (KHTML, like Gecko) Version/4.0 Chrome/78.0.3904.108 Mobile Safari/537.36 Weibo (Xiaomi-MI 9 Transparent Edition__weibo__10.4.0__android__android10)"
111.192.138.131 - - [22/Apr/2020:15:56:29 +0800] "GET /favicon.ico HTTP/2.0" 404 196 "https://stg.fygtapp.com/?m=shareV2&t=post&post_safe_id=13d23af2-2bd1-4b0d-b904-df8c99131b0c" "Mozilla/5.0 (Linux; Android 10; MI 9 Transparent Edition Build/QKQ1.190825.002; wv) AppleWebKit/537.36 (KHTML, like Gecko) Version/4.0 Chrome/78.0.3904.108 Mobile Safari/537.36 Weibo (Xiaomi-MI 9 Transparent Edition__weibo__10.4.0__android__android10)"
111.192.138.131 - - [22/Apr/2020:15:56:56 +0800] "GET /?m=shareV2&t=post&post_safe_id=13d23af2-2bd1-4b0d-b904-df8c99131b0c HTTP/2.0" 200 360 "-" "Mozilla/5.0 (iPhone; CPU iPhone OS 13_3_1 like Mac OS X) AppleWebKit/605.1.15 (KHTML, like Gecko) Mobile/15E148 MicroMessenger/7.0.12(0x17000c2c) NetType/WIFI Language/zh_CN"
111.192.138.131 - - [22/Apr/2020:15:56:57 +0800] "GET /?m=shareV2&t=post&post_safe_id=13d23af2-2bd1-4b0d-b904-df8c99131b0c HTTP/2.0" 200 360 "-" "Mozilla/5.0 (Linux; Android 10; MI 9 Transparent Edition Build/QKQ1.190825.002; wv) AppleWebKit/537.36 (KHTML, like Gecko) Version/4.0 Chrome/78.0.3904.62 XWEB/2295 MMWEBSDK/200301 Mobile Safari/537.36 MMWEBID/197 MicroMessenger/7.0.13.1640(0x27000D39) Process/tools NetType/WIFI Language/zh_CN ABI/arm64 WeChat/arm64"
111.192.138.131 - - [22/Apr/2020:15:56:58 +0800] "GET /assets/FontManifest.json HTTP/2.0" 200 185 "https://stg.fygtapp.com/?m=shareV2&t=post&post_safe_id=13d23af2-2bd1-4b0d-b904-df8c99131b0c" "Mozilla/5.0 (Linux; Android 10; MI 9 Transparent Edition Build/QKQ1.190825.002; wv) AppleWebKit/537.36 (KHTML, like Gecko) Version/4.0 Chrome/78.0.3904.62 XWEB/2295 MMWEBSDK/200301 Mobile Safari/537.36 MMWEBID/197 MicroMessenger/7.0.13.1640(0x27000D39) Process/tools NetType/WIFI Language/zh_CN ABI/arm64 WeChat/arm64"
111.192.138.131 - - [22/Apr/2020:15:56:58 +0800] "GET /favicon.ico HTTP/2.0" 404 196 "https://stg.fygtapp.com/?m=shareV2&t=post&post_safe_id=13d23af2-2bd1-4b0d-b904-df8c99131b0c" "Mozilla/5.0 (Linux; Android 10; MI 9 Transparent Edition Build/QKQ1.190825.002; wv) AppleWebKit/537.36 (KHTML, like Gecko) Version/4.0 Chrome/78.0.3904.62 XWEB/2295 MMWEBSDK/200301 Mobile Safari/537.36 MMWEBID/197 MicroMessenger/7.0.13.1640(0x27000D39) Process/tools NetType/WIFI Language/zh_CN ABI/arm64 WeChat/arm64"
111.192.138.131 - - [22/Apr/2020:15:57:32 +0800] "GET /?m=shareV2&t=post&post_safe_id=6876acb8-e219-47b8-8e0c-17cfc11bbac2 HTTP/2.0" 200 360 "-" "Mozilla/5.0 (Linux; Android 10; MI 9 Transparent Edition Build/QKQ1.190825.002; wv) AppleWebKit/537.36 (KHTML, like Gecko) Version/4.0 Chrome/78.0.3904.108 Mobile Safari/537.36 Weibo (Xiaomi-MI 9 Transparent Edition__weibo__10.4.0__android__android10)"
111.192.138.131 - - [22/Apr/2020:15:57:32 +0800] "GET /favicon.ico HTTP/2.0" 404 196 "https://stg.fygtapp.com/?m=shareV2&t=post&post_safe_id=6876acb8-e219-47b8-8e0c-17cfc11bbac2" "Mozilla/5.0 (Linux; Android 10; MI 9 Transparent Edition Build/QKQ1.190825.002; wv) AppleWebKit/537.36 (KHTML, like Gecko) Version/4.0 Chrome/78.0.3904.108 Mobile Safari/537.36 Weibo (Xiaomi-MI 9 Transparent Edition__weibo__10.4.0__android__android10)"
123.126.52.36 - - [22/Apr/2020:15:57:32 +0800] "HEAD /?m=sharev2&t=post&post_safe_id=6876acb8-e219-47b8-8e0c-17cfc11bbac2 HTTP/1.1" 200 - "-" "Mozilla/4.0 (compatible; MSIE 7.0; Windows NT 6.0; Trident/5.0)"
111.192.138.131 - - [22/Apr/2020:15:57:48 +0800] "GET /?m=shareV2&t=post&post_safe_id=6876acb8-e219-47b8-8e0c-17cfc11bbac2 HTTP/2.0" 200 360 "-" "Mozilla/5.0 (Linux; Android 10; MI 9 Transparent Edition Build/QKQ1.190825.002; wv) AppleWebKit/537.36 (KHTML, like Gecko) Version/4.0 Chrome/78.0.3904.62 XWEB/2295 MMWEBSDK/200301 Mobile Safari/537.36 MMWEBID/197 MicroMessenger/7.0.13.1640(0x27000D39) Process/tools NetType/WIFI Language/zh_CN ABI/arm64 WeChat/arm64"
111.192.138.131 - - [22/Apr/2020:15:57:49 +0800] "GET /favicon.ico HTTP/2.0" 404 196 "https://stg.fygtapp.com/?m=shareV2&t=post&post_safe_id=6876acb8-e219-47b8-8e0c-17cfc11bbac2" "Mozilla/5.0 (Linux; Android 10; MI 9 Transparent Edition Build/QKQ1.190825.002; wv) AppleWebKit/537.36 (KHTML, like Gecko) Version/4.0 Chrome/78.0.3904.62 XWEB/2295 MMWEBSDK/200301 Mobile Safari/537.36 MMWEBID/197 MicroMessenger/7.0.13.1640(0x27000D39) Process/tools NetType/WIFI Language/zh_CN ABI/arm64 WeChat/arm64"
111.192.138.131 - - [22/Apr/2020:15:57:55 +0800] "GET /?m=shareV2&t=post&post_safe_id=6876acb8-e219-47b8-8e0c-17cfc11bbac2 HTTP/2.0" 200 360 "-" "Mozilla/5.0 (Linux; Android 10; MI 9 Transparent Edition) AppleWebKit/537.36 (KHTML, like Gecko) Chrome/80.0.3987.132 Mobile Safari/537.36"
111.192.138.131 - - [22/Apr/2020:15:57:56 +0800] "GET /assets/FontManifest.json HTTP/2.0" 200 185 "https://stg.fygtapp.com/?m=shareV2&t=post&post_safe_id=6876acb8-e219-47b8-8e0c-17cfc11bbac2" "Mozilla/5.0 (Linux; Android 10; MI 9 Transparent Edition) AppleWebKit/537.36 (KHTML, like Gecko) Chrome/80.0.3987.132 Mobile Safari/537.36"
111.192.138.131 - - [22/Apr/2020:15:57:56 +0800] "GET /favicon.ico HTTP/2.0" 404 196 "https://stg.fygtapp.com/?m=shareV2&t=post&post_safe_id=6876acb8-e219-47b8-8e0c-17cfc11bbac2" "Mozilla/5.0 (Linux; Android 10; MI 9 Transparent Edition) AppleWebKit/537.36 (KHTML, like Gecko) Chrome/80.0.3987.132 Mobile Safari/537.36"
111.192.138.131 - - [22/Apr/2020:16:00:44 +0800] "GET /?m=shareV2&t=post&post_safe_id=6876acb8-e219-47b8-8e0c-17cfc11bbac2 HTTP/2.0" 200 360 "-" "Mozilla/5.0 (iPhone; CPU iPhone OS 13_3_1 like Mac OS X) AppleWebKit/605.1.15 (KHTML, like Gecko) Mobile/15E148 MicroMessenger/7.0.12(0x17000c2c) NetType/WIFI Language/zh_CN"
111.192.138.131 - - [22/Apr/2020:16:06:40 +0800] "GET /?m=shareV2&t=post&post_safe_id=13d23af2-2bd1-4b0d-b904-df8c99131b0c HTTP/2.0" 200 360 "-" "Mozilla/5.0 (Macintosh; Intel Mac OS X 10_14_5) AppleWebKit/537.36 (KHTML, like Gecko) Chrome/80.0.3987.163 Safari/537.36"
111.192.138.131 - - [22/Apr/2020:16:06:40 +0800] "GET /assets/FontManifest.json HTTP/2.0" 200 185 "https://stg.fygtapp.com/?m=shareV2&t=post&post_safe_id=13d23af2-2bd1-4b0d-b904-df8c99131b0c" "Mozilla/5.0 (Macintosh; Intel Mac OS X 10_14_5) AppleWebKit/537.36 (KHTML, like Gecko) Chrome/80.0.3987.163 Safari/537.36"
111.192.138.131 - - [22/Apr/2020:16:06:44 +0800] "GET /favicon.ico HTTP/2.0" 404 196 "https://stg.fygtapp.com/?m=shareV2&t=post&post_safe_id=13d23af2-2bd1-4b0d-b904-df8c99131b0c" "Mozilla/5.0 (Macintosh; Intel Mac OS X 10_14_5) AppleWebKit/537.36 (KHTML, like Gecko) Chrome/80.0.3987.163 Safari/537.36"
111.192.138.131 - - [22/Apr/2020:16:06:44 +0800] "GET /favicon.ico HTTP/2.0" 404 196 "https://stg.fygtapp.com/?m=shareV2&t=post&post_safe_id=13d23af2-2bd1-4b0d-b904-df8c99131b0c" "Mozilla/5.0 (Macintosh; Intel Mac OS X 10_14_5) AppleWebKit/537.36 (KHTML, like Gecko) Chrome/80.0.3987.163 Safari/537.36"
111.192.138.131 - - [22/Apr/2020:16:13:18 +0800] "GET /favicon.ico HTTP/2.0" 404 196 "https://stg.fygtapp.com/?m=shareV2&t=post&post_safe_id=13d23af2-2bd1-4b0d-b904-df8c99131b0c" "Mozilla/5.0 (Linux; Android 10; MI 9 Transparent Edition Build/QKQ1.190825.002; wv) AppleWebKit/537.36 (KHTML, like Gecko) Version/4.0 Chrome/78.0.3904.62 XWEB/2295 MMWEBSDK/200301 Mobile Safari/537.36 MMWEBID/197 MicroMessenger/7.0.13.1640(0x27000D39) Process/tools NetType/WIFI Language/zh_CN ABI/arm64 WeChat/arm64"
111.192.138.131 - - [22/Apr/2020:16:13:26 +0800] "GET /?m=shareV2&t=post&post_safe_id=13d23af2-2bd1-4b0d-b904-df8c99131b0c HTTP/2.0" 200 360 "-" "Mozilla/5.0 (Linux; Android 10; MI 9 Transparent Edition) AppleWebKit/537.36 (KHTML, like Gecko) Chrome/80.0.3987.132 Mobile Safari/537.36"
47.101.59.94 - - [22/Apr/2020:17:49:04 +0800] "GET / HTTP/1.1" 200 360 "-" "Mozilla/5.0 chrome(windows nt/Windows NT;)Chrome"
111.192.138.131 - - [22/Apr/2020:18:32:42 +0800] "GET /?m=shareV2&t=post&post_safe_id=13d23af2-2bd1-4b0d-b904-df8c99131b0c HTTP/2.0" 304 - "-" "Mozilla/5.0 (Macintosh; Intel Mac OS X 10_14_5) AppleWebKit/537.36 (KHTML, like Gecko) Chrome/80.0.3987.163 Safari/537.36"
111.192.138.131 - - [22/Apr/2020:19:01:03 +0800] "GET /?m=shareV2&t=topic&topic_safe_id=a0fa0779-3bce-45f6-b80a-6195bf151b18 HTTP/2.0" 200 360 "-" "Mozilla/5.0 (Linux; Android 10; MI 9 Transparent Edition Build/QKQ1.190825.002; wv) AppleWebKit/537.36 (KHTML, like Gecko) Version/4.0 Chrome/78.0.3904.108 Mobile Safari/537.36 Weibo (Xiaomi-MI 9 Transparent Edition__weibo__10.4.0__android__android10)"
111.192.138.131 - - [22/Apr/2020:19:01:03 +0800] "GET /favicon.ico HTTP/2.0" 404 196 "https://stg.fygtapp.com/?m=shareV2&t=topic&topic_safe_id=a0fa0779-3bce-45f6-b80a-6195bf151b18" "Mozilla/5.0 (Linux; Android 10; MI 9 Transparent Edition Build/QKQ1.190825.002; wv) AppleWebKit/537.36 (KHTML, like Gecko) Version/4.0 Chrome/78.0.3904.108 Mobile Safari/537.36 Weibo (Xiaomi-MI 9 Transparent Edition__weibo__10.4.0__android__android10)"
49.7.39.247 - - [22/Apr/2020:19:01:03 +0800] "HEAD /?m=sharev2&t=topic&topic_safe_id=a0fa0779-3bce-45f6-b80a-6195bf151b18 HTTP/1.1" 200 - "-" "Mozilla/4.0 (compatible; MSIE 7.0; Windows NT 6.0; Trident/5.0)"
111.192.138.131 - - [22/Apr/2020:19:01:18 +0800] "GET /?m=shareV2&t=topic&topic_safe_id=a0fa0779-3bce-45f6-b80a-6195bf151b18 HTTP/2.0" 200 360 "-" "Mozilla/5.0 (Linux; Android 10; MI 9 Transparent Edition Build/QKQ1.190825.002; wv) AppleWebKit/537.36 (KHTML, like Gecko) Version/4.0 Chrome/78.0.3904.62 XWEB/2295 MMWEBSDK/200301 Mobile Safari/537.36 MMWEBID/197 MicroMessenger/7.0.13.1640(0x27000D39) Process/tools NetType/WIFI Language/zh_CN ABI/arm64 WeChat/arm64"
111.192.138.131 - - [22/Apr/2020:19:01:19 +0800] "GET /favicon.ico HTTP/2.0" 404 196 "https://stg.fygtapp.com/?m=shareV2&t=topic&topic_safe_id=a0fa0779-3bce-45f6-b80a-6195bf151b18" "Mozilla/5.0 (Linux; Android 10; MI 9 Transparent Edition Build/QKQ1.190825.002; wv) AppleWebKit/537.36 (KHTML, like Gecko) Version/4.0 Chrome/78.0.3904.62 XWEB/2295 MMWEBSDK/200301 Mobile Safari/537.36 MMWEBID/197 MicroMessenger/7.0.13.1640(0x27000D39) Process/tools NetType/WIFI Language/zh_CN ABI/arm64 WeChat/arm64"
111.192.138.131 - - [22/Apr/2020:19:01:50 +0800] "GET /?m=shareV2&t=topic&topic_safe_id=a0fa0779-3bce-45f6-b80a-6195bf151b18 HTTP/2.0" 304 - "-" "Mozilla/5.0 (Linux; Android 10; MI 9 Transparent Edition Build/QKQ1.190825.002; wv) AppleWebKit/537.36 (KHTML, like Gecko) Version/4.0 Chrome/78.0.3904.62 XWEB/2295 MMWEBSDK/200301 Mobile Safari/537.36 MMWEBID/197 MicroMessenger/7.0.13.1640(0x27000D39) Process/tools NetType/WIFI Language/zh_CN ABI/arm64 WeChat/arm64"
106.14.10.143 - - [22/Apr/2020:19:09:14 +0800] "GET / HTTP/1.1" 200 360 "-" "Mozilla/5.0 (X11; Ubuntu; Linux x86_64; rv:36.0) Gecko/20100101 Firefox/36.0"
114.254.128.179 - - [22/Apr/2020:21:10:10 +0800] "GET /?m=shareV2&t=post&post_safe_id=0b59ae0f-39c1-4417-8668-f029e4a145de&from=singlemessage HTTP/2.0" 200 360 "-" "Mozilla/5.0 (Linux; Android 10; VOG-AL00 Build/HUAWEIVOG-AL00; wv) AppleWebKit/537.36 (KHTML, like Gecko) Version/4.0 Chrome/67.0.3396.87 XWEB/1178 MMWEBSDK/191201 Mobile Safari/537.36 MMWEBID/5789 MicroMessenger/7.0.10.1580(0x27000AFE) Process/toolsmp NetType/WIFI Language/zh_CN ABI/arm64"
114.254.128.179 - - [22/Apr/2020:21:10:38 +0800] "GET /assets/FontManifest.json HTTP/2.0" 200 185 "https://stg.fygtapp.com/?m=shareV2&t=post&post_safe_id=0b59ae0f-39c1-4417-8668-f029e4a145de&from=singlemessage" "Mozilla/5.0 (Linux; Android 10; VOG-AL00 Build/HUAWEIVOG-AL00; wv) AppleWebKit/537.36 (KHTML, like Gecko) Version/4.0 Chrome/67.0.3396.87 XWEB/1178 MMWEBSDK/191201 Mobile Safari/537.36 MMWEBID/5789 MicroMessenger/7.0.10.1580(0x27000AFE) Process/toolsmp NetType/WIFI Language/zh_CN ABI/arm64"
114.245.148.125 - - [22/Apr/2020:21:27:56 +0800] "GET /?m=shareV2&t=post&post_safe_id=13d23af2-2bd1-4b0d-b904-df8c99131b0c&from=singlemessage&isappinstalled=0 HTTP/2.0" 200 360 "-" "Mozilla/5.0 (iPhone; CPU iPhone OS 13_3_1 like Mac OS X) AppleWebKit/605.1.15 (KHTML, like Gecko) Mobile/15E148 MicroMessenger/7.0.12(0x17000c2b) NetType/WIFI Language/zh_CN"
114.245.148.125 - - [22/Apr/2020:21:27:57 +0800] "GET /assets/FontManifest.json HTTP/2.0" 200 185 "https://stg.fygtapp.com/?m=shareV2&t=post&post_safe_id=13d23af2-2bd1-4b0d-b904-df8c99131b0c&from=singlemessage&isappinstalled=0" "Mozilla/5.0 (iPhone; CPU iPhone OS 13_3_1 like Mac OS X) AppleWebKit/605.1.15 (KHTML, like Gecko) Mobile/15E148 MicroMessenger/7.0.12(0x17000c2b) NetType/WIFI Language/zh_CN"
114.245.148.125 - - [22/Apr/2020:21:28:14 +0800] "GET /?m=shareV2&t=post&post_safe_id=57bfbd26-aea5-4d65-87c7-3855ced89540&from=singlemessage&isappinstalled=0 HTTP/2.0" 200 360 "-" "Mozilla/5.0 (iPhone; CPU iPhone OS 13_3_1 like Mac OS X) AppleWebKit/605.1.15 (KHTML, like Gecko) Mobile/15E148 MicroMessenger/7.0.12(0x17000c2b) NetType/WIFI Language/zh_CN"
114.245.148.125 - - [22/Apr/2020:21:38:45 +0800] "GET /?m=shareV2&t=post&post_safe_id=cefe795e-73b8-492a-8c26-a25b8d785298 HTTP/2.0" 200 360 "-" "Mozilla/5.0 (Linux; Android 8.0.0; EVA-AL00 Build/HUAWEIEVA-AL00; wv) AppleWebKit/537.36 (KHTML, like Gecko) Version/4.0 Chrome/69.0.3497.100 Mobile Safari/537.36 Weibo (HUAWEI-EVA-AL00__weibo__10.4.2__android__android8.0.0)"
114.245.148.125 - - [22/Apr/2020:21:38:47 +0800] "GET /assets/FontManifest.json HTTP/2.0" 200 185 "https://stg.fygtapp.com/?m=shareV2&t=post&post_safe_id=cefe795e-73b8-492a-8c26-a25b8d785298" "Mozilla/5.0 (Linux; Android 8.0.0; EVA-AL00 Build/HUAWEIEVA-AL00; wv) AppleWebKit/537.36 (KHTML, like Gecko) Version/4.0 Chrome/69.0.3497.100 Mobile Safari/537.36 Weibo (HUAWEI-EVA-AL00__weibo__10.4.2__android__android8.0.0)"
114.245.148.125 - - [22/Apr/2020:21:38:47 +0800] "GET /favicon.ico HTTP/2.0" 404 196 "https://stg.fygtapp.com/?m=shareV2&t=post&post_safe_id=cefe795e-73b8-492a-8c26-a25b8d785298" "Mozilla/5.0 (Linux; Android 8.0.0; EVA-AL00 Build/HUAWEIEVA-AL00; wv) AppleWebKit/537.36 (KHTML, like Gecko) Version/4.0 Chrome/69.0.3497.100 Mobile Safari/537.36 Weibo (HUAWEI-EVA-AL00__weibo__10.4.2__android__android8.0.0)"
49.7.39.247 - - [22/Apr/2020:21:42:21 +0800] "HEAD /?m=sharev2&t=post&post_safe_id=0b59ae0f-39c1-4417-8668-f029e4a145de HTTP/1.1" 200 - "-" "Mozilla/4.0 (compatible; MSIE 7.0; Windows NT 6.0; Trident/5.0)"
114.245.148.125 - - [22/Apr/2020:21:42:32 +0800] "GET /?m=shareV2&t=post&post_safe_id=0b59ae0f-39c1-4417-8668-f029e4a145de HTTP/2.0" 200 360 "-" "Mozilla/5.0 (Linux; Android 8.0.0; EVA-AL00 Build/HUAWEIEVA-AL00; wv) AppleWebKit/537.36 (KHTML, like Gecko) Version/4.0 Chrome/69.0.3497.100 Mobile Safari/537.36 Weibo (HUAWEI-EVA-AL00__weibo__10.4.2__android__android8.0.0)"
114.245.148.125 - - [22/Apr/2020:21:42:35 +0800] "GET /favicon.ico HTTP/2.0" 404 196 "https://stg.fygtapp.com/?m=shareV2&t=post&post_safe_id=0b59ae0f-39c1-4417-8668-f029e4a145de" "Mozilla/5.0 (Linux; Android 8.0.0; EVA-AL00 Build/HUAWEIEVA-AL00; wv) AppleWebKit/537.36 (KHTML, like Gecko) Version/4.0 Chrome/69.0.3497.100 Mobile Safari/537.36 Weibo (HUAWEI-EVA-AL00__weibo__10.4.2__android__android8.0.0)"
114.245.148.125 - - [22/Apr/2020:21:42:59 +0800] "GET /?m=shareV2&t=post&post_safe_id=13d23af2-2bd1-4b0d-b904-df8c99131b0c HTTP/2.0" 200 360 "-" "Mozilla/5.0 (Macintosh; Intel Mac OS X 10_15_4) AppleWebKit/605.1.15 (KHTML, like Gecko) MicroMessenger/2.3.31(0x12031f13) MacWechat NetType/WIFI WindowsWechat"
114.245.148.125 - - [22/Apr/2020:21:43:00 +0800] "GET /assets/FontManifest.json HTTP/2.0" 200 185 "https://stg.fygtapp.com/?m=shareV2&t=post&post_safe_id=13d23af2-2bd1-4b0d-b904-df8c99131b0c" "Mozilla/5.0 (Macintosh; Intel Mac OS X 10_15_4) AppleWebKit/605.1.15 (KHTML, like Gecko) MicroMessenger/2.3.31(0x12031f13) MacWechat NetType/WIFI WindowsWechat"
49.7.39.234 - - [22/Apr/2020:21:46:27 +0800] "HEAD /?m=sharev2&t=post&post_safe_id=1168de90-9a39-413a-8dbc-d04af819d425 HTTP/1.1" 200 - "-" "Mozilla/4.0 (compatible; MSIE 7.0; Windows NT 6.0; Trident/5.0)"
47.116.106.254 - - [23/Apr/2020:11:42:42 +0800] "GET / HTTP/1.1" 200 360 "-" "Mozilla/5.0 (Windows NT 10.0; Win64; x64) AppleWebKit/537.36 (KHTML, like Gecko) Chrome/59.0.3071.115 Safari/537.36"
47.116.106.254 - - [23/Apr/2020:11:42:42 +0800] "GET /explicit_not_exist_path HTTP/1.1" 404 196 "-" "Mozilla/5.0 (Windows NT 10.0; Win64; x64) AppleWebKit/537.36 (KHTML, like Gecko) Chrome/59.0.3071.115 Safari/537.36"
47.116.106.254 - - [23/Apr/2020:11:42:43 +0800] "GET /index.html HTTP/1.1" 200 360 "-" "Mozilla/5.0 (Windows NT 10.0; Win64; x64) AppleWebKit/537.36 (KHTML, like Gecko) Chrome/59.0.3071.115 Safari/537.36"
47.116.106.254 - - [23/Apr/2020:11:42:43 +0800] "GET /index.php HTTP/1.1" 404 196 "-" "Mozilla/5.0 (Windows NT 10.0; Win64; x64) AppleWebKit/537.36 (KHTML, like Gecko) Chrome/59.0.3071.115 Safari/537.36"
47.116.106.254 - - [23/Apr/2020:11:42:43 +0800] "GET /index.jsp HTTP/1.1" 404 196 "-" "Mozilla/5.0 (Windows NT 10.0; Win64; x64) AppleWebKit/537.36 (KHTML, like Gecko) Chrome/59.0.3071.115 Safari/537.36"
47.116.106.254 - - [23/Apr/2020:11:42:43 +0800] "GET /admin/ HTTP/1.1" 404 196 "-" "Mozilla/5.0 (Windows NT 10.0; Win64; x64) AppleWebKit/537.36 (KHTML, like Gecko) Chrome/59.0.3071.115 Safari/537.36"
47.116.106.254 - - [23/Apr/2020:11:42:43 +0800] "GET /favicon.ico HTTP/1.1" 404 196 "-" "Mozilla/5.0 (Windows NT 10.0; Win64; x64) AppleWebKit/537.36 (KHTML, like Gecko) Chrome/59.0.3071.115 Safari/537.36"
47.116.106.254 - - [23/Apr/2020:11:42:43 +0800] "GET /robots.txt HTTP/1.1" 404 196 "-" "Mozilla/5.0 (Windows NT 10.0; Win64; x64) AppleWebKit/537.36 (KHTML, like Gecko) Chrome/59.0.3071.115 Safari/537.36"
47.116.106.254 - - [23/Apr/2020:11:42:44 +0800] "GET /wcm/ HTTP/1.1" 404 196 "-" "Mozilla/5.0 (Windows NT 10.0; Win64; x64) AppleWebKit/537.36 (KHTML, like Gecko) Chrome/59.0.3071.115 Safari/537.36"
47.116.106.254 - - [23/Apr/2020:11:42:44 +0800] "GET /phpMyAdmin/ HTTP/1.1" 404 196 "-" "Mozilla/5.0 (Windows NT 10.0; Win64; x64) AppleWebKit/537.36 (KHTML, like Gecko) Chrome/59.0.3071.115 Safari/537.36"
47.116.106.254 - - [23/Apr/2020:11:42:44 +0800] "GET /phpmyadmin/ HTTP/1.1" 404 196 "-" "Mozilla/5.0 (Windows NT 10.0; Win64; x64) AppleWebKit/537.36 (KHTML, like Gecko) Chrome/59.0.3071.115 Safari/537.36"
120.11.14.13 - - [23/Apr/2020:11:46:53 +0800] "GET /?m=shareV2&t=post&post_safe_id=5a7d371e-9690-4e4b-a02d-824fa63c20fa&from=singlemessage&from=singlemessage HTTP/2.0" 200 360 "-" "Mozilla/5.0 (Linux; Android 9; SEA-AL00 Build/HUAWEISEA-AL00; wv) AppleWebKit/537.36 (KHTML, like Gecko) Version/4.0 Chrome/66.0.3359.126 MQQBrowser/6.2 TBS/045131 Mobile Safari/537.36 MMWEBID/1631 MicroMessenger/7.0.13.1640(0x27000D39) Process/tools NetType/WIFI Language/zh_CN ABI/arm64 WeChat/arm64"
120.11.14.13 - - [23/Apr/2020:11:46:54 +0800] "GET /assets/FontManifest.json HTTP/2.0" 304 - "https://stg.fygtapp.com/?m=shareV2&t=post&post_safe_id=5a7d371e-9690-4e4b-a02d-824fa63c20fa&from=singlemessage&from=singlemessage" "Mozilla/5.0 (Linux; Android 9; SEA-AL00 Build/HUAWEISEA-AL00; wv) AppleWebKit/537.36 (KHTML, like Gecko) Version/4.0 Chrome/66.0.3359.126 MQQBrowser/6.2 TBS/045131 Mobile Safari/537.36 MMWEBID/1631 MicroMessenger/7.0.13.1640(0x27000D39) Process/tools NetType/WIFI Language/zh_CN ABI/arm64 WeChat/arm64"
120.11.14.13 - - [23/Apr/2020:11:46:55 +0800] "GET /favicon.ico HTTP/2.0" 404 196 "https://stg.fygtapp.com/?m=shareV2&t=post&post_safe_id=5a7d371e-9690-4e4b-a02d-824fa63c20fa&from=singlemessage&from=singlemessage" "Mozilla/5.0 (Linux; Android 9; SEA-AL00 Build/HUAWEISEA-AL00; wv) AppleWebKit/537.36 (KHTML, like Gecko) Version/4.0 Chrome/66.0.3359.126 MQQBrowser/6.2 TBS/045131 Mobile Safari/537.36 MMWEBID/1631 MicroMessenger/7.0.13.1640(0x27000D39) Process/tools NetType/WIFI Language/zh_CN ABI/arm64 WeChat/arm64"
47.116.111.98 - - [23/Apr/2020:12:09:36 +0800] "GET / HTTP/1.1" 200 360 "-" "Mozilla/5.0 (Windows NT 10.0; Win64; x64) AppleWebKit/537.36 (KHTML, like Gecko) Chrome/59.0.3071.115 Safari/537.36"
47.116.111.98 - - [23/Apr/2020:12:09:36 +0800] "GET /explicit_not_exist_path HTTP/1.1" 404 196 "-" "Mozilla/5.0 (Windows NT 10.0; Win64; x64) AppleWebKit/537.36 (KHTML, like Gecko) Chrome/59.0.3071.115 Safari/537.36"
47.116.111.98 - - [23/Apr/2020:12:09:36 +0800] "GET /index.html HTTP/1.1" 200 360 "-" "Mozilla/5.0 (Windows NT 10.0; Win64; x64) AppleWebKit/537.36 (KHTML, like Gecko) Chrome/59.0.3071.115 Safari/537.36"
47.116.111.98 - - [23/Apr/2020:12:09:36 +0800] "GET /index.php HTTP/1.1" 404 196 "-" "Mozilla/5.0 (Windows NT 10.0; Win64; x64) AppleWebKit/537.36 (KHTML, like Gecko) Chrome/59.0.3071.115 Safari/537.36"
47.116.111.98 - - [23/Apr/2020:12:09:36 +0800] "GET /index.jsp HTTP/1.1" 404 196 "-" "Mozilla/5.0 (Windows NT 10.0; Win64; x64) AppleWebKit/537.36 (KHTML, like Gecko) Chrome/59.0.3071.115 Safari/537.36"
47.116.111.98 - - [23/Apr/2020:12:09:36 +0800] "GET /admin/ HTTP/1.1" 404 196 "-" "Mozilla/5.0 (Windows NT 10.0; Win64; x64) AppleWebKit/537.36 (KHTML, like Gecko) Chrome/59.0.3071.115 Safari/537.36"
47.116.111.98 - - [23/Apr/2020:12:09:36 +0800] "GET /favicon.ico HTTP/1.1" 404 196 "-" "Mozilla/5.0 (Windows NT 10.0; Win64; x64) AppleWebKit/537.36 (KHTML, like Gecko) Chrome/59.0.3071.115 Safari/537.36"
47.116.111.98 - - [23/Apr/2020:12:09:36 +0800] "GET /robots.txt HTTP/1.1" 404 196 "-" "Mozilla/5.0 (Windows NT 10.0; Win64; x64) AppleWebKit/537.36 (KHTML, like Gecko) Chrome/59.0.3071.115 Safari/537.36"
47.116.111.98 - - [23/Apr/2020:12:09:37 +0800] "GET /wcm/ HTTP/1.1" 404 196 "-" "Mozilla/5.0 (Windows NT 10.0; Win64; x64) AppleWebKit/537.36 (KHTML, like Gecko) Chrome/59.0.3071.115 Safari/537.36"
47.116.111.98 - - [23/Apr/2020:12:09:37 +0800] "GET /phpMyAdmin/ HTTP/1.1" 404 196 "-" "Mozilla/5.0 (Windows NT 10.0; Win64; x64) AppleWebKit/537.36 (KHTML, like Gecko) Chrome/59.0.3071.115 Safari/537.36"
47.116.111.98 - - [23/Apr/2020:12:09:37 +0800] "GET /phpmyadmin/ HTTP/1.1" 404 196 "-" "Mozilla/5.0 (Windows NT 10.0; Win64; x64) AppleWebKit/537.36 (KHTML, like Gecko) Chrome/59.0.3071.115 Safari/537.36"
120.11.14.13 - - [23/Apr/2020:13:30:06 +0800] "GET /?m=shareV2&t=post&post_safe_id=&from=timeline HTTP/2.0" 200 360 "-" "Mozilla/5.0 (Linux; Android 9; SEA-AL00 Build/HUAWEISEA-AL00; wv) AppleWebKit/537.36 (KHTML, like Gecko) Version/4.0 Chrome/66.0.3359.126 MQQBrowser/6.2 TBS/045131 Mobile Safari/537.36 MMWEBID/1631 MicroMessenger/7.0.13.1640(0x27000D39) Process/tools NetType/WIFI Language/zh_CN ABI/arm64 WeChat/arm64"
120.11.14.13 - - [23/Apr/2020:13:30:06 +0800] "GET /favicon.ico HTTP/2.0" 404 196 "https://stg.fygtapp.com/?m=shareV2&t=post&post_safe_id=&from=timeline" "Mozilla/5.0 (Linux; Android 9; SEA-AL00 Build/HUAWEISEA-AL00; wv) AppleWebKit/537.36 (KHTML, like Gecko) Version/4.0 Chrome/66.0.3359.126 MQQBrowser/6.2 TBS/045131 Mobile Safari/537.36 MMWEBID/1631 MicroMessenger/7.0.13.1640(0x27000D39) Process/tools NetType/WIFI Language/zh_CN ABI/arm64 WeChat/arm64"
120.11.14.13 - - [23/Apr/2020:13:30:23 +0800] "GET /favicon.ico HTTP/2.0" 404 196 "https://stg.fygtapp.com/?m=shareV2&t=post&post_safe_id=&from=timeline" "Mozilla/5.0 (Linux; Android 9; SEA-AL00 Build/HUAWEISEA-AL00; wv) AppleWebKit/537.36 (KHTML, like Gecko) Version/4.0 Chrome/66.0.3359.126 MQQBrowser/6.2 TBS/045131 Mobile Safari/537.36 MMWEBID/1631 MicroMessenger/7.0.13.1640(0x27000D39) Process/tools NetType/WIFI Language/zh_CN ABI/arm64 WeChat/arm64"
120.11.14.13 - - [23/Apr/2020:13:30:23 +0800] "GET /favicon.ico HTTP/2.0" 404 196 "https://stg.fygtapp.com/?m=shareV2&t=post&post_safe_id=&from=timeline" "Mozilla/5.0 (Linux; Android 9; SEA-AL00 Build/HUAWEISEA-AL00; wv) AppleWebKit/537.36 (KHTML, like Gecko) Version/4.0 Chrome/66.0.3359.126 MQQBrowser/6.2 TBS/045131 Mobile Safari/537.36 MMWEBID/1631 MicroMessenger/7.0.13.1640(0x27000D39) Process/tools NetType/WIFI Language/zh_CN ABI/arm64 WeChat/arm64"
120.11.14.13 - - [23/Apr/2020:13:30:49 +0800] "GET /?m=shareV2&t=post&post_safe_id=&from=singlemessage&isappinstalled=0 HTTP/2.0" 200 360 "-" "Mozilla/5.0 (iPhone; CPU iPhone OS 12_4_4 like Mac OS X) AppleWebKit/605.1.15 (KHTML, like Gecko) Mobile/15E148 MicroMessenger/7.0.12(0x17000c2c) NetType/WIFI Language/zh_CN"
120.11.14.13 - - [23/Apr/2020:13:30:51 +0800] "GET /assets/FontManifest.json HTTP/2.0" 200 185 "https://stg.fygtapp.com/?m=shareV2&t=post&post_safe_id=&from=singlemessage&isappinstalled=0" "Mozilla/5.0 (iPhone; CPU iPhone OS 12_4_4 like Mac OS X) AppleWebKit/605.1.15 (KHTML, like Gecko) Mobile/15E148 MicroMessenger/7.0.12(0x17000c2c) NetType/WIFI Language/zh_CN"
120.11.14.13 - - [23/Apr/2020:13:31:12 +0800] "GET /favicon.ico HTTP/2.0" 404 196 "https://stg.fygtapp.com/?m=shareV2&t=post&post_safe_id=&from=timeline" "Mozilla/5.0 (Linux; Android 9; SEA-AL00 Build/HUAWEISEA-AL00; wv) AppleWebKit/537.36 (KHTML, like Gecko) Version/4.0 Chrome/66.0.3359.126 MQQBrowser/6.2 TBS/045131 Mobile Safari/537.36 MMWEBID/1631 MicroMessenger/7.0.13.1640(0x27000D39) Process/tools NetType/WIFI Language/zh_CN ABI/arm64 WeChat/arm64"
120.11.14.13 - - [23/Apr/2020:13:32:06 +0800] "GET /?m=shareV2&t=post&post_safe_id=&from=singlemessage&from=singlemessage HTTP/2.0" 200 360 "-" "Mozilla/5.0 (Linux; Android 9; SEA-AL00 Build/HUAWEISEA-AL00; wv) AppleWebKit/537.36 (KHTML, like Gecko) Version/4.0 Chrome/66.0.3359.126 MQQBrowser/6.2 TBS/045131 Mobile Safari/537.36 MMWEBID/1631 MicroMessenger/7.0.13.1640(0x27000D39) Process/tools NetType/WIFI Language/zh_CN ABI/arm64 WeChat/arm64"
120.11.14.13 - - [23/Apr/2020:13:32:06 +0800] "GET /favicon.ico HTTP/2.0" 404 196 "https://stg.fygtapp.com/?m=shareV2&t=post&post_safe_id=&from=singlemessage&from=singlemessage" "Mozilla/5.0 (Linux; Android 9; SEA-AL00 Build/HUAWEISEA-AL00; wv) AppleWebKit/537.36 (KHTML, like Gecko) Version/4.0 Chrome/66.0.3359.126 MQQBrowser/6.2 TBS/045131 Mobile Safari/537.36 MMWEBID/1631 MicroMessenger/7.0.13.1640(0x27000D39) Process/tools NetType/WIFI Language/zh_CN ABI/arm64 WeChat/arm64"
120.11.14.13 - - [23/Apr/2020:13:32:18 +0800] "GET /favicon.ico HTTP/2.0" 404 196 "https://stg.fygtapp.com/?m=shareV2&t=post&post_safe_id=&from=singlemessage&from=singlemessage" "Mozilla/5.0 (Linux; Android 9; SEA-AL00 Build/HUAWEISEA-AL00; wv) AppleWebKit/537.36 (KHTML, like Gecko) Version/4.0 Chrome/66.0.3359.126 MQQBrowser/6.2 TBS/045131 Mobile Safari/537.36 MMWEBID/1631 MicroMessenger/7.0.13.1640(0x27000D39) Process/tools NetType/WIFI Language/zh_CN ABI/arm64 WeChat/arm64"
120.11.14.13 - - [23/Apr/2020:13:32:18 +0800] "GET /favicon.ico HTTP/2.0" 404 196 "https://stg.fygtapp.com/?m=shareV2&t=post&post_safe_id=&from=singlemessage&from=singlemessage" "Mozilla/5.0 (Linux; Android 9; SEA-AL00 Build/HUAWEISEA-AL00; wv) AppleWebKit/537.36 (KHTML, like Gecko) Version/4.0 Chrome/66.0.3359.126 MQQBrowser/6.2 TBS/045131 Mobile Safari/537.36 MMWEBID/1631 MicroMessenger/7.0.13.1640(0x27000D39) Process/tools NetType/WIFI Language/zh_CN ABI/arm64 WeChat/arm64"
120.11.14.13 - - [23/Apr/2020:13:33:43 +0800] "GET /favicon.ico HTTP/2.0" 404 196 "https://stg.fygtapp.com/?m=shareV2&t=post&post_safe_id=&from=singlemessage&from=singlemessage" "Mozilla/5.0 (Linux; Android 9; SEA-AL00 Build/HUAWEISEA-AL00; wv) AppleWebKit/537.36 (KHTML, like Gecko) Version/4.0 Chrome/66.0.3359.126 MQQBrowser/6.2 TBS/045131 Mobile Safari/537.36 MMWEBID/1631 MicroMessenger/7.0.13.1640(0x27000D39) Process/tools NetType/WIFI Language/zh_CN ABI/arm64 WeChat/arm64"
120.11.14.13 - - [23/Apr/2020:13:33:53 +0800] "GET /favicon.ico HTTP/2.0" 404 196 "https://stg.fygtapp.com/?m=shareV2&t=post&post_safe_id=5a7d371e-9690-4e4b-a02d-824fa63c20fa&from=singlemessage&from=singlemessage" "Mozilla/5.0 (Linux; Android 9; SEA-AL00 Build/HUAWEISEA-AL00; wv) AppleWebKit/537.36 (KHTML, like Gecko) Version/4.0 Chrome/66.0.3359.126 MQQBrowser/6.2 TBS/045131 Mobile Safari/537.36 MMWEBID/1631 MicroMessenger/7.0.13.1640(0x27000D39) Process/tools NetType/WIFI Language/zh_CN ABI/arm64 WeChat/arm64"
111.192.138.131 - - [23/Apr/2020:13:33:53 +0800] "GET /?m=shareV2&t=post&post_safe_id=&from=singlemessage&isappinstalled=0 HTTP/2.0" 200 360 "-" "Mozilla/5.0 (iPhone; CPU iPhone OS 13_3_1 like Mac OS X) AppleWebKit/605.1.15 (KHTML, like Gecko) Mobile/15E148 MicroMessenger/7.0.12(0x17000c2c) NetType/WIFI Language/zh_CN"
111.192.138.131 - - [23/Apr/2020:13:33:53 +0800] "GET /assets/FontManifest.json HTTP/2.0" 304 - "https://stg.fygtapp.com/?m=shareV2&t=post&post_safe_id=&from=singlemessage&isappinstalled=0" "Mozilla/5.0 (iPhone; CPU iPhone OS 13_3_1 like Mac OS X) AppleWebKit/605.1.15 (KHTML, like Gecko) Mobile/15E148 MicroMessenger/7.0.12(0x17000c2c) NetType/WIFI Language/zh_CN"
120.11.14.13 - - [23/Apr/2020:13:34:11 +0800] "GET /favicon.ico HTTP/2.0" 404 196 "https://stg.fygtapp.com/?m=shareV2&t=post&post_safe_id=&from=singlemessage&from=singlemessage" "Mozilla/5.0 (Linux; Android 9; SEA-AL00 Build/HUAWEISEA-AL00; wv) AppleWebKit/537.36 (KHTML, like Gecko) Version/4.0 Chrome/66.0.3359.126 MQQBrowser/6.2 TBS/045131 Mobile Safari/537.36 MMWEBID/1631 MicroMessenger/7.0.13.1640(0x27000D39) Process/tools NetType/WIFI Language/zh_CN ABI/arm64 WeChat/arm64"
120.11.14.13 - - [23/Apr/2020:13:36:10 +0800] "GET /?m=shareV2&t=post&post_safe_id=29ae4d48-99bd-4e33-9c61-98cd8a607ad8&from=singlemessage HTTP/2.0" 200 360 "-" "Mozilla/5.0 (Linux; Android 9; SEA-AL00 Build/HUAWEISEA-AL00; wv) AppleWebKit/537.36 (KHTML, like Gecko) Version/4.0 Chrome/66.0.3359.126 MQQBrowser/6.2 TBS/045131 Mobile Safari/537.36 MMWEBID/1631 MicroMessenger/7.0.13.1640(0x27000D39) Process/tools NetType/WIFI Language/zh_CN ABI/arm64 WeChat/arm64"
120.11.14.13 - - [23/Apr/2020:13:36:11 +0800] "GET /favicon.ico HTTP/2.0" 404 196 "https://stg.fygtapp.com/?m=shareV2&t=post&post_safe_id=29ae4d48-99bd-4e33-9c61-98cd8a607ad8&from=singlemessage" "Mozilla/5.0 (Linux; Android 9; SEA-AL00 Build/HUAWEISEA-AL00; wv) AppleWebKit/537.36 (KHTML, like Gecko) Version/4.0 Chrome/66.0.3359.126 MQQBrowser/6.2 TBS/045131 Mobile Safari/537.36 MMWEBID/1631 MicroMessenger/7.0.13.1640(0x27000D39) Process/tools NetType/WIFI Language/zh_CN ABI/arm64 WeChat/arm64"
120.11.14.13 - - [23/Apr/2020:13:36:11 +0800] "GET /favicon.ico HTTP/2.0" 404 196 "https://stg.fygtapp.com/?m=shareV2&t=post&post_safe_id=29ae4d48-99bd-4e33-9c61-98cd8a607ad8&from=singlemessage" "Mozilla/5.0 (Linux; Android 9; SEA-AL00 Build/HUAWEISEA-AL00; wv) AppleWebKit/537.36 (KHTML, like Gecko) Version/4.0 Chrome/66.0.3359.126 MQQBrowser/6.2 TBS/045131 Mobile Safari/537.36 MMWEBID/1631 MicroMessenger/7.0.13.1640(0x27000D39) Process/tools NetType/WIFI Language/zh_CN ABI/arm64 WeChat/arm64"
120.11.14.13 - - [23/Apr/2020:13:37:11 +0800] "GET /?m=shareV2&t=post&post_safe_id=d0a90b22-1706-4f0d-975e-ce50096122bf&from=singlemessage HTTP/2.0" 200 360 "-" "Mozilla/5.0 (Linux; Android 9; SEA-AL00 Build/HUAWEISEA-AL00; wv) AppleWebKit/537.36 (KHTML, like Gecko) Version/4.0 Chrome/66.0.3359.126 MQQBrowser/6.2 TBS/045131 Mobile Safari/537.36 MMWEBID/1631 MicroMessenger/7.0.13.1640(0x27000D39) Process/tools NetType/WIFI Language/zh_CN ABI/arm64 WeChat/arm64"
120.11.14.13 - - [23/Apr/2020:13:37:12 +0800] "GET /favicon.ico HTTP/2.0" 404 196 "https://stg.fygtapp.com/?m=shareV2&t=post&post_safe_id=d0a90b22-1706-4f0d-975e-ce50096122bf&from=singlemessage" "Mozilla/5.0 (Linux; Android 9; SEA-AL00 Build/HUAWEISEA-AL00; wv) AppleWebKit/537.36 (KHTML, like Gecko) Version/4.0 Chrome/66.0.3359.126 MQQBrowser/6.2 TBS/045131 Mobile Safari/537.36 MMWEBID/1631 MicroMessenger/7.0.13.1640(0x27000D39) Process/tools NetType/WIFI Language/zh_CN ABI/arm64 WeChat/arm64"
120.11.14.13 - - [23/Apr/2020:13:37:12 +0800] "GET /favicon.ico HTTP/2.0" 404 196 "https://stg.fygtapp.com/?m=shareV2&t=post&post_safe_id=d0a90b22-1706-4f0d-975e-ce50096122bf&from=singlemessage" "Mozilla/5.0 (Linux; Android 9; SEA-AL00 Build/HUAWEISEA-AL00; wv) AppleWebKit/537.36 (KHTML, like Gecko) Version/4.0 Chrome/66.0.3359.126 MQQBrowser/6.2 TBS/045131 Mobile Safari/537.36 MMWEBID/1631 MicroMessenger/7.0.13.1640(0x27000D39) Process/tools NetType/WIFI Language/zh_CN ABI/arm64 WeChat/arm64"
111.192.138.131 - - [23/Apr/2020:13:42:36 +0800] "GET /?m=shareV2&t=post&post_safe_id=94e639a6-e82f-44af-a8ec-de28bdfd1043 HTTP/2.0" 200 360 "-" "Mozilla/5.0 (Linux; Android 10; MI 9 Transparent Edition Build/QKQ1.190825.002; wv) AppleWebKit/537.36 (KHTML, like Gecko) Version/4.0 Chrome/78.0.3904.108 Mobile Safari/537.36 Weibo (Xiaomi-MI 9 Transparent Edition__weibo__10.4.0__android__android10)"
123.126.52.36 - - [23/Apr/2020:13:42:37 +0800] "HEAD /?m=sharev2&t=post&post_safe_id=94e639a6-e82f-44af-a8ec-de28bdfd1043 HTTP/1.1" 200 - "-" "Mozilla/4.0 (compatible; MSIE 7.0; Windows NT 6.0; Trident/5.0)"
111.192.138.131 - - [23/Apr/2020:13:42:37 +0800] "GET /favicon.ico HTTP/2.0" 404 196 "https://stg.fygtapp.com/?m=shareV2&t=post&post_safe_id=94e639a6-e82f-44af-a8ec-de28bdfd1043" "Mozilla/5.0 (Linux; Android 10; MI 9 Transparent Edition Build/QKQ1.190825.002; wv) AppleWebKit/537.36 (KHTML, like Gecko) Version/4.0 Chrome/78.0.3904.108 Mobile Safari/537.36 Weibo (Xiaomi-MI 9 Transparent Edition__weibo__10.4.0__android__android10)"
111.192.138.131 - - [23/Apr/2020:13:42:49 +0800] "GET /?m=shareV2&t=post&post_safe_id=94e639a6-e82f-44af-a8ec-de28bdfd1043&from=singlemessage HTTP/2.0" 200 360 "-" "Mozilla/5.0 (Linux; Android 10; MI 9 Transparent Edition Build/QKQ1.190825.002; wv) AppleWebKit/537.36 (KHTML, like Gecko) Version/4.0 Chrome/78.0.3904.62 XWEB/2295 MMWEBSDK/200301 Mobile Safari/537.36 MMWEBID/197 MicroMessenger/7.0.13.1640(0x27000D39) Process/tools NetType/WIFI Language/zh_CN ABI/arm64 WeChat/arm64"
111.192.138.131 - - [23/Apr/2020:13:42:50 +0800] "GET /favicon.ico HTTP/2.0" 404 196 "https://stg.fygtapp.com/?m=shareV2&t=post&post_safe_id=94e639a6-e82f-44af-a8ec-de28bdfd1043&from=singlemessage" "Mozilla/5.0 (Linux; Android 10; MI 9 Transparent Edition Build/QKQ1.190825.002; wv) AppleWebKit/537.36 (KHTML, like Gecko) Version/4.0 Chrome/78.0.3904.62 XWEB/2295 MMWEBSDK/200301 Mobile Safari/537.36 MMWEBID/197 MicroMessenger/7.0.13.1640(0x27000D39) Process/tools NetType/WIFI Language/zh_CN ABI/arm64 WeChat/arm64"
111.192.138.131 - - [23/Apr/2020:13:42:59 +0800] "GET /?m=shareV2&t=post&post_safe_id=94e639a6-e82f-44af-a8ec-de28bdfd1043&from=singlemessage&isappinstalled=0 HTTP/2.0" 200 360 "-" "Mozilla/5.0 (iPhone; CPU iPhone OS 13_3_1 like Mac OS X) AppleWebKit/605.1.15 (KHTML, like Gecko) Mobile/15E148 MicroMessenger/7.0.12(0x17000c2c) NetType/WIFI Language/zh_CN"
120.11.14.13 - - [23/Apr/2020:13:43:33 +0800] "GET /?m=shareV2&t=post&post_safe_id=94e639a6-e82f-44af-a8ec-de28bdfd1043&from=singlemessage&from=singlemessage HTTP/2.0" 200 360 "-" "Mozilla/5.0 (Linux; Android 9; SEA-AL00 Build/HUAWEISEA-AL00; wv) AppleWebKit/537.36 (KHTML, like Gecko) Version/4.0 Chrome/66.0.3359.126 MQQBrowser/6.2 TBS/045131 Mobile Safari/537.36 MMWEBID/1631 MicroMessenger/7.0.13.1640(0x27000D39) Process/tools NetType/WIFI Language/zh_CN ABI/arm64 WeChat/arm64"
120.11.14.13 - - [23/Apr/2020:13:43:34 +0800] "GET /favicon.ico HTTP/2.0" 404 196 "https://stg.fygtapp.com/?m=shareV2&t=post&post_safe_id=94e639a6-e82f-44af-a8ec-de28bdfd1043&from=singlemessage&from=singlemessage" "Mozilla/5.0 (Linux; Android 9; SEA-AL00 Build/HUAWEISEA-AL00; wv) AppleWebKit/537.36 (KHTML, like Gecko) Version/4.0 Chrome/66.0.3359.126 MQQBrowser/6.2 TBS/045131 Mobile Safari/537.36 MMWEBID/1631 MicroMessenger/7.0.13.1640(0x27000D39) Process/tools NetType/WIFI Language/zh_CN ABI/arm64 WeChat/arm64"
120.11.14.13 - - [23/Apr/2020:13:43:34 +0800] "GET /favicon.ico HTTP/2.0" 404 196 "https://stg.fygtapp.com/?m=shareV2&t=post&post_safe_id=94e639a6-e82f-44af-a8ec-de28bdfd1043&from=singlemessage&from=singlemessage" "Mozilla/5.0 (Linux; Android 9; SEA-AL00 Build/HUAWEISEA-AL00; wv) AppleWebKit/537.36 (KHTML, like Gecko) Version/4.0 Chrome/66.0.3359.126 MQQBrowser/6.2 TBS/045131 Mobile Safari/537.36 MMWEBID/1631 MicroMessenger/7.0.13.1640(0x27000D39) Process/tools NetType/WIFI Language/zh_CN ABI/arm64 WeChat/arm64"
111.192.138.131 - - [23/Apr/2020:14:52:47 +0800] "GET /?m=shareV2&t=post&post_safe_id=94e639a6-e82f-44af-a8ec-de28bdfd1043&from=singlemessage&isappinstalled=0 HTTP/2.0" 200 360 "-" "Mozilla/5.0 (iPhone; CPU iPhone OS 13_3_1 like Mac OS X) AppleWebKit/605.1.15 (KHTML, like Gecko) Mobile/15E148 MicroMessenger/7.0.12(0x17000c2c) NetType/WIFI Language/zh_CN"
120.11.14.13 - - [23/Apr/2020:14:53:01 +0800] "GET /?m=shareV2&t=post&post_safe_id=94e639a6-e82f-44af-a8ec-de28bdfd1043&from=singlemessage HTTP/2.0" 200 360 "-" "Mozilla/5.0 (Linux; Android 9; SEA-AL00 Build/HUAWEISEA-AL00; wv) AppleWebKit/537.36 (KHTML, like Gecko) Version/4.0 Chrome/66.0.3359.126 MQQBrowser/6.2 TBS/045131 Mobile Safari/537.36 MMWEBID/1631 MicroMessenger/7.0.13.1640(0x27000D39) Process/tools NetType/WIFI Language/zh_CN ABI/arm64 WeChat/arm64"
120.11.14.13 - - [23/Apr/2020:14:53:02 +0800] "GET /favicon.ico HTTP/2.0" 404 196 "https://stg.fygtapp.com/?m=shareV2&t=post&post_safe_id=94e639a6-e82f-44af-a8ec-de28bdfd1043&from=singlemessage" "Mozilla/5.0 (Linux; Android 9; SEA-AL00 Build/HUAWEISEA-AL00; wv) AppleWebKit/537.36 (KHTML, like Gecko) Version/4.0 Chrome/66.0.3359.126 MQQBrowser/6.2 TBS/045131 Mobile Safari/537.36 MMWEBID/1631 MicroMessenger/7.0.13.1640(0x27000D39) Process/tools NetType/WIFI Language/zh_CN ABI/arm64 WeChat/arm64"
120.11.14.13 - - [23/Apr/2020:14:53:02 +0800] "GET /favicon.ico HTTP/2.0" 404 196 "https://stg.fygtapp.com/?m=shareV2&t=post&post_safe_id=94e639a6-e82f-44af-a8ec-de28bdfd1043&from=singlemessage" "Mozilla/5.0 (Linux; Android 9; SEA-AL00 Build/HUAWEISEA-AL00; wv) AppleWebKit/537.36 (KHTML, like Gecko) Version/4.0 Chrome/66.0.3359.126 MQQBrowser/6.2 TBS/045131 Mobile Safari/537.36 MMWEBID/1631 MicroMessenger/7.0.13.1640(0x27000D39) Process/tools NetType/WIFI Language/zh_CN ABI/arm64 WeChat/arm64"
120.11.14.13 - - [23/Apr/2020:14:53:47 +0800] "GET /favicon.ico HTTP/2.0" 404 196 "https://stg.fygtapp.com/?m=shareV2&t=post&post_safe_id=94e639a6-e82f-44af-a8ec-de28bdfd1043&from=singlemessage" "Mozilla/5.0 (Linux; Android 9; SEA-AL00 Build/HUAWEISEA-AL00; wv) AppleWebKit/537.36 (KHTML, like Gecko) Version/4.0 Chrome/66.0.3359.126 MQQBrowser/6.2 TBS/045131 Mobile Safari/537.36 MMWEBID/1631 MicroMessenger/7.0.13.1640(0x27000D39) Process/tools NetType/WIFI Language/zh_CN ABI/arm64 WeChat/arm64"
120.11.14.13 - - [23/Apr/2020:14:53:47 +0800] "GET /favicon.ico HTTP/2.0" 404 196 "https://stg.fygtapp.com/?m=shareV2&t=post&post_safe_id=94e639a6-e82f-44af-a8ec-de28bdfd1043&from=singlemessage" "Mozilla/5.0 (Linux; Android 9; SEA-AL00 Build/HUAWEISEA-AL00; wv) AppleWebKit/537.36 (KHTML, like Gecko) Version/4.0 Chrome/66.0.3359.126 MQQBrowser/6.2 TBS/045131 Mobile Safari/537.36 MMWEBID/1631 MicroMessenger/7.0.13.1640(0x27000D39) Process/tools NetType/WIFI Language/zh_CN ABI/arm64 WeChat/arm64"
120.11.14.13 - - [23/Apr/2020:14:54:07 +0800] "GET /favicon.ico HTTP/2.0" 404 196 "https://stg.fygtapp.com/?m=shareV2&t=post&post_safe_id=94e639a6-e82f-44af-a8ec-de28bdfd1043&from=singlemessage" "Mozilla/5.0 (Linux; Android 9; SEA-AL00 Build/HUAWEISEA-AL00; wv) AppleWebKit/537.36 (KHTML, like Gecko) Version/4.0 Chrome/66.0.3359.126 MQQBrowser/6.2 TBS/045131 Mobile Safari/537.36 MMWEBID/1631 MicroMessenger/7.0.13.1640(0x27000D39) Process/tools NetType/WIFI Language/zh_CN ABI/arm64 WeChat/arm64"
120.11.14.13 - - [23/Apr/2020:14:55:40 +0800] "GET /favicon.ico HTTP/2.0" 404 196 "https://stg.fygtapp.com/?m=shareV2&t=post&post_safe_id=&from=singlemessage&from=singlemessage" "Mozilla/5.0 (Linux; Android 9; SEA-AL00 Build/HUAWEISEA-AL00; wv) AppleWebKit/537.36 (KHTML, like Gecko) Version/4.0 Chrome/66.0.3359.126 MQQBrowser/6.2 TBS/045131 Mobile Safari/537.36 MMWEBID/1631 MicroMessenger/7.0.13.1640(0x27000D39) Process/tools NetType/WIFI Language/zh_CN ABI/arm64 WeChat/arm64"
120.11.14.13 - - [23/Apr/2020:14:55:40 +0800] "GET /favicon.ico HTTP/2.0" 404 196 "https://stg.fygtapp.com/?m=shareV2&t=post&post_safe_id=&from=singlemessage&from=singlemessage" "Mozilla/5.0 (Linux; Android 9; SEA-AL00 Build/HUAWEISEA-AL00; wv) AppleWebKit/537.36 (KHTML, like Gecko) Version/4.0 Chrome/66.0.3359.126 MQQBrowser/6.2 TBS/045131 Mobile Safari/537.36 MMWEBID/1631 MicroMessenger/7.0.13.1640(0x27000D39) Process/tools NetType/WIFI Language/zh_CN ABI/arm64 WeChat/arm64"
120.11.14.13 - - [23/Apr/2020:14:55:54 +0800] "GET /favicon.ico HTTP/2.0" 404 196 "https://stg.fygtapp.com/?m=shareV2&t=post&post_safe_id=&from=singlemessage&from=singlemessage" "Mozilla/5.0 (Linux; Android 9; SEA-AL00 Build/HUAWEISEA-AL00; wv) AppleWebKit/537.36 (KHTML, like Gecko) Version/4.0 Chrome/66.0.3359.126 MQQBrowser/6.2 TBS/045131 Mobile Safari/537.36 MMWEBID/1631 MicroMessenger/7.0.13.1640(0x27000D39) Process/tools NetType/WIFI Language/zh_CN ABI/arm64 WeChat/arm64"
120.11.14.13 - - [23/Apr/2020:14:55:54 +0800] "GET /favicon.ico HTTP/2.0" 404 196 "https://stg.fygtapp.com/?m=shareV2&t=post&post_safe_id=&from=singlemessage&from=singlemessage" "Mozilla/5.0 (Linux; Android 9; SEA-AL00 Build/HUAWEISEA-AL00; wv) AppleWebKit/537.36 (KHTML, like Gecko) Version/4.0 Chrome/66.0.3359.126 MQQBrowser/6.2 TBS/045131 Mobile Safari/537.36 MMWEBID/1631 MicroMessenger/7.0.13.1640(0x27000D39) Process/tools NetType/WIFI Language/zh_CN ABI/arm64 WeChat/arm64"
120.11.14.13 - - [23/Apr/2020:14:56:02 +0800] "GET /favicon.ico HTTP/2.0" 404 196 "https://stg.fygtapp.com/?m=shareV2&t=post&post_safe_id=&from=singlemessage&from=singlemessage" "Mozilla/5.0 (Linux; Android 9; SEA-AL00 Build/HUAWEISEA-AL00; wv) AppleWebKit/537.36 (KHTML, like Gecko) Version/4.0 Chrome/66.0.3359.126 MQQBrowser/6.2 TBS/045131 Mobile Safari/537.36 MMWEBID/1631 MicroMessenger/7.0.13.1640(0x27000D39) Process/tools NetType/WIFI Language/zh_CN ABI/arm64 WeChat/arm64"
111.192.138.131 - - [23/Apr/2020:15:43:59 +0800] "GET /?m=shareV2&t=post&post_safe_id=50a94842-b895-4a22-863c-1d31796af6b9&from=singlemessage&isappinstalled=0 HTTP/2.0" 200 360 "-" "Mozilla/5.0 (iPhone; CPU iPhone OS 13_3_1 like Mac OS X) AppleWebKit/605.1.15 (KHTML, like Gecko) Mobile/15E148 MicroMessenger/7.0.12(0x17000c2c) NetType/WIFI Language/zh_CN"
120.11.14.13 - - [23/Apr/2020:15:44:01 +0800] "GET /?m=shareV2&t=post&post_safe_id=50a94842-b895-4a22-863c-1d31796af6b9&from=singlemessage&from=singlemessage HTTP/2.0" 200 360 "-" "Mozilla/5.0 (Linux; Android 9; SEA-AL00 Build/HUAWEISEA-AL00; wv) AppleWebKit/537.36 (KHTML, like Gecko) Version/4.0 Chrome/66.0.3359.126 MQQBrowser/6.2 TBS/045131 Mobile Safari/537.36 MMWEBID/1631 MicroMessenger/7.0.13.1640(0x27000D39) Process/tools NetType/WIFI Language/zh_CN ABI/arm64 WeChat/arm64"
120.11.14.13 - - [23/Apr/2020:15:44:01 +0800] "GET /favicon.ico HTTP/2.0" 404 196 "https://stg.fygtapp.com/?m=shareV2&t=post&post_safe_id=50a94842-b895-4a22-863c-1d31796af6b9&from=singlemessage&from=singlemessage" "Mozilla/5.0 (Linux; Android 9; SEA-AL00 Build/HUAWEISEA-AL00; wv) AppleWebKit/537.36 (KHTML, like Gecko) Version/4.0 Chrome/66.0.3359.126 MQQBrowser/6.2 TBS/045131 Mobile Safari/537.36 MMWEBID/1631 MicroMessenger/7.0.13.1640(0x27000D39) Process/tools NetType/WIFI Language/zh_CN ABI/arm64 WeChat/arm64"
120.11.14.13 - - [23/Apr/2020:15:44:01 +0800] "GET /favicon.ico HTTP/2.0" 404 196 "https://stg.fygtapp.com/?m=shareV2&t=post&post_safe_id=50a94842-b895-4a22-863c-1d31796af6b9&from=singlemessage&from=singlemessage" "Mozilla/5.0 (Linux; Android 9; SEA-AL00 Build/HUAWEISEA-AL00; wv) AppleWebKit/537.36 (KHTML, like Gecko) Version/4.0 Chrome/66.0.3359.126 MQQBrowser/6.2 TBS/045131 Mobile Safari/537.36 MMWEBID/1631 MicroMessenger/7.0.13.1640(0x27000D39) Process/tools NetType/WIFI Language/zh_CN ABI/arm64 WeChat/arm64"
120.11.14.13 - - [23/Apr/2020:15:44:31 +0800] "GET /favicon.ico HTTP/2.0" 404 196 "https://stg.fygtapp.com/?m=shareV2&t=post&post_safe_id=50a94842-b895-4a22-863c-1d31796af6b9&from=singlemessage&from=singlemessage" "Mozilla/5.0 (Linux; Android 9; SEA-AL00 Build/HUAWEISEA-AL00; wv) AppleWebKit/537.36 (KHTML, like Gecko) Version/4.0 Chrome/66.0.3359.126 MQQBrowser/6.2 TBS/045131 Mobile Safari/537.36 MMWEBID/1631 MicroMessenger/7.0.13.1640(0x27000D39) Process/tools NetType/WIFI Language/zh_CN ABI/arm64 WeChat/arm64"
120.11.14.13 - - [23/Apr/2020:15:44:31 +0800] "GET /favicon.ico HTTP/2.0" 404 196 "https://stg.fygtapp.com/?m=shareV2&t=post&post_safe_id=50a94842-b895-4a22-863c-1d31796af6b9&from=singlemessage&from=singlemessage" "Mozilla/5.0 (Linux; Android 9; SEA-AL00 Build/HUAWEISEA-AL00; wv) AppleWebKit/537.36 (KHTML, like Gecko) Version/4.0 Chrome/66.0.3359.126 MQQBrowser/6.2 TBS/045131 Mobile Safari/537.36 MMWEBID/1631 MicroMessenger/7.0.13.1640(0x27000D39) Process/tools NetType/WIFI Language/zh_CN ABI/arm64 WeChat/arm64"
111.192.138.131 - - [23/Apr/2020:16:04:36 +0800] "GET /?m=shareV2&t=post&post_safe_id=6612d6e3-4205-4933-8ae8-f0cd0adc3fcb HTTP/2.0" 200 360 "-" "Mozilla/5.0 (Linux; Android 10; MI 9 Transparent Edition Build/QKQ1.190825.002; wv) AppleWebKit/537.36 (KHTML, like Gecko) Version/4.0 Chrome/78.0.3904.108 Mobile Safari/537.36 Weibo (Xiaomi-MI 9 Transparent Edition__weibo__10.4.0__android__android10)"
111.192.138.131 - - [23/Apr/2020:16:04:36 +0800] "GET /favicon.ico HTTP/2.0" 404 196 "https://stg.fygtapp.com/?m=shareV2&t=post&post_safe_id=6612d6e3-4205-4933-8ae8-f0cd0adc3fcb" "Mozilla/5.0 (Linux; Android 10; MI 9 Transparent Edition Build/QKQ1.190825.002; wv) AppleWebKit/537.36 (KHTML, like Gecko) Version/4.0 Chrome/78.0.3904.108 Mobile Safari/537.36 Weibo (Xiaomi-MI 9 Transparent Edition__weibo__10.4.0__android__android10)"
49.7.39.234 - - [23/Apr/2020:16:04:37 +0800] "HEAD /?m=sharev2&t=post&post_safe_id=6612d6e3-4205-4933-8ae8-f0cd0adc3fcb HTTP/1.1" 200 - "-" "Mozilla/4.0 (compatible; MSIE 7.0; Windows NT 6.0; Trident/5.0)"
111.192.138.131 - - [23/Apr/2020:16:04:59 +0800] "GET /?m=shareV2&t=post&post_safe_id=6612d6e3-4205-4933-8ae8-f0cd0adc3fcb HTTP/2.0" 200 360 "-" "Mozilla/5.0 (Macintosh; Intel Mac OS X 10_14_5) AppleWebKit/605.1.15 (KHTML, like Gecko) MicroMessenger/2.3.31(0x12031f10) MacWechat NetType/WIFI WindowsWechat"
111.192.138.131 - - [23/Apr/2020:16:04:59 +0800] "GET /assets/FontManifest.json HTTP/2.0" 304 - "https://stg.fygtapp.com/?m=shareV2&t=post&post_safe_id=6612d6e3-4205-4933-8ae8-f0cd0adc3fcb" "Mozilla/5.0 (Macintosh; Intel Mac OS X 10_14_5) AppleWebKit/605.1.15 (KHTML, like Gecko) MicroMessenger/2.3.31(0x12031f10) MacWechat NetType/WIFI WindowsWechat"
111.192.138.131 - - [23/Apr/2020:16:05:04 +0800] "GET /?m=shareV2&t=post&post_safe_id=6612d6e3-4205-4933-8ae8-f0cd0adc3fcb HTTP/2.0" 200 360 "-" "Mozilla/5.0 (Macintosh; Intel Mac OS X 10_14_5) AppleWebKit/605.1.15 (KHTML, like Gecko) MicroMessenger/2.3.31(0x12031f10) MacWechat NetType/WIFI WindowsWechat"
120.11.14.13 - - [23/Apr/2020:16:08:42 +0800] "GET /?m=shareV2&t=post&post_safe_id=6611eae9-320d-4dbb-9395-cbff3c50e1c7&from=timeline&isappinstalled=0 HTTP/2.0" 200 360 "-" "Mozilla/5.0 (iPhone; CPU iPhone OS 12_4_4 like Mac OS X) AppleWebKit/605.1.15 (KHTML, like Gecko) Mobile/15E148 MicroMessenger/7.0.12(0x17000c2c) NetType/WIFI Language/zh_CN"
120.11.14.13 - - [23/Apr/2020:16:10:00 +0800] "GET /?m=shareV2&t=post&post_safe_id=6611eae9-320d-4dbb-9395-cbff3c50e1c7&from=timeline HTTP/2.0" 200 360 "-" "Mozilla/5.0 (Linux; Android 9; SEA-AL00 Build/HUAWEISEA-AL00; wv) AppleWebKit/537.36 (KHTML, like Gecko) Version/4.0 Chrome/66.0.3359.126 MQQBrowser/6.2 TBS/045131 Mobile Safari/537.36 MMWEBID/1631 MicroMessenger/7.0.13.1640(0x27000D39) Process/tools NetType/WIFI Language/zh_CN ABI/arm64 WeChat/arm64"
120.11.14.13 - - [23/Apr/2020:16:10:01 +0800] "GET /favicon.ico HTTP/2.0" 404 196 "https://stg.fygtapp.com/?m=shareV2&t=post&post_safe_id=6611eae9-320d-4dbb-9395-cbff3c50e1c7&from=timeline" "Mozilla/5.0 (Linux; Android 9; SEA-AL00 Build/HUAWEISEA-AL00; wv) AppleWebKit/537.36 (KHTML, like Gecko) Version/4.0 Chrome/66.0.3359.126 MQQBrowser/6.2 TBS/045131 Mobile Safari/537.36 MMWEBID/1631 MicroMessenger/7.0.13.1640(0x27000D39) Process/tools NetType/WIFI Language/zh_CN ABI/arm64 WeChat/arm64"
120.11.14.13 - - [23/Apr/2020:16:10:01 +0800] "GET /favicon.ico HTTP/2.0" 404 196 "https://stg.fygtapp.com/?m=shareV2&t=post&post_safe_id=6611eae9-320d-4dbb-9395-cbff3c50e1c7&from=timeline" "Mozilla/5.0 (Linux; Android 9; SEA-AL00 Build/HUAWEISEA-AL00; wv) AppleWebKit/537.36 (KHTML, like Gecko) Version/4.0 Chrome/66.0.3359.126 MQQBrowser/6.2 TBS/045131 Mobile Safari/537.36 MMWEBID/1631 MicroMessenger/7.0.13.1640(0x27000D39) Process/tools NetType/WIFI Language/zh_CN ABI/arm64 WeChat/arm64"
111.201.85.98 - - [23/Apr/2020:16:22:45 +0800] "GET /?m=shareV2&t=post&post_safe_id=1168de90-9a39-413a-8dbc-d04af819d425&from=singlemessage&from=singlemessage HTTP/2.0" 200 360 "-" "Mozilla/5.0 (Linux; Android 10; PDEM10 Build/QKQ1.191222.002; wv) AppleWebKit/537.36 (KHTML, like Gecko) Version/4.0 Chrome/66.0.3359.126 MQQBrowser/6.2 TBS/045131 Mobile Safari/537.36 MMWEBID/9692 MicroMessenger/7.0.13.1640(0x27000D39) Process/tools NetType/WIFI Language/zh_CN ABI/arm64 WeChat/arm64"
111.201.85.98 - - [23/Apr/2020:16:22:46 +0800] "GET /favicon.ico HTTP/2.0" 404 196 "https://stg.fygtapp.com/?m=shareV2&t=post&post_safe_id=1168de90-9a39-413a-8dbc-d04af819d425&from=singlemessage&from=singlemessage" "Mozilla/5.0 (Linux; Android 10; PDEM10 Build/QKQ1.191222.002; wv) AppleWebKit/537.36 (KHTML, like Gecko) Version/4.0 Chrome/66.0.3359.126 MQQBrowser/6.2 TBS/045131 Mobile Safari/537.36 MMWEBID/9692 MicroMessenger/7.0.13.1640(0x27000D39) Process/tools NetType/WIFI Language/zh_CN ABI/arm64 WeChat/arm64"
111.201.85.98 - - [23/Apr/2020:16:22:46 +0800] "GET /favicon.ico HTTP/2.0" 404 196 "https://stg.fygtapp.com/?m=shareV2&t=post&post_safe_id=1168de90-9a39-413a-8dbc-d04af819d425&from=singlemessage&from=singlemessage" "Mozilla/5.0 (Linux; Android 10; PDEM10 Build/QKQ1.191222.002; wv) AppleWebKit/537.36 (KHTML, like Gecko) Version/4.0 Chrome/66.0.3359.126 MQQBrowser/6.2 TBS/045131 Mobile Safari/537.36 MMWEBID/9692 MicroMessenger/7.0.13.1640(0x27000D39) Process/tools NetType/WIFI Language/zh_CN ABI/arm64 WeChat/arm64"
