111.201.85.98 - - [23/Apr/2020:16:23:00 +0800] "GET /?m=shareV2&t=post&post_safe_id=1168de90-9a39-413a-8dbc-d04af819d425&from=singlemessage&isappinstalled=0 HTTP/2.0" 200 360 "-" "Mozilla/5.0 (iPhone; CPU iPhone OS 13_3_1 like Mac OS X) AppleWebKit/605.1.15 (KHTML, like Gecko) Mobile/15E148 MicroMessenger/7.0.12(0x17000c2b) NetType/WIFI Language/zh_CN"
111.192.138.131 - - [23/Apr/2020:16:38:55 +0800] "GET /?m=shareV2&t=post&post_safe_id=6612d6e3-4205-4933-8ae8-f0cd0adc3fcb HTTP/2.0" 200 360 "-" "Mozilla/5.0 (Macintosh; Intel Mac OS X 10_14_5) AppleWebKit/537.36 (KHTML, like Gecko) Chrome/81.0.4044.122 Safari/537.36"
111.192.138.131 - - [23/Apr/2020:16:38:55 +0800] "GET /assets/FontManifest.json HTTP/2.0" 200 185 "https://stg.fygtapp.com/?m=shareV2&t=post&post_safe_id=6612d6e3-4205-4933-8ae8-f0cd0adc3fcb" "Mozilla/5.0 (Macintosh; Intel Mac OS X 10_14_5) AppleWebKit/537.36 (KHTML, like Gecko) Chrome/81.0.4044.122 Safari/537.36"
111.192.138.131 - - [23/Apr/2020:16:38:55 +0800] "GET /favicon.ico HTTP/2.0" 404 196 "https://stg.fygtapp.com/?m=shareV2&t=post&post_safe_id=6612d6e3-4205-4933-8ae8-f0cd0adc3fcb" "Mozilla/5.0 (Macintosh; Intel Mac OS X 10_14_5) AppleWebKit/537.36 (KHTML, like Gecko) Chrome/81.0.4044.122 Safari/537.36"
111.192.138.131 - - [23/Apr/2020:16:44:12 +0800] "GET /?m=shareV2&t=post&post_safe_id=6612d6e3-4205-4933-8ae8-f0cd0adc3fcb&from=singlemessage HTTP/2.0" 200 360 "-" "Mozilla/5.0 (Linux; Android 10; MI 9 Transparent Edition Build/QKQ1.190825.002; wv) AppleWebKit/537.36 (KHTML, like Gecko) Version/4.0 Chrome/78.0.3904.62 XWEB/2295 MMWEBSDK/200301 Mobile Safari/537.36 MMWEBID/197 MicroMessenger/7.0.13.1640(0x27000D39) Process/tools NetType/WIFI Language/zh_CN ABI/arm64 WeChat/arm64"
111.192.138.131 - - [23/Apr/2020:16:44:12 +0800] "GET /favicon.ico HTTP/2.0" 404 196 "https://stg.fygtapp.com/?m=shareV2&t=post&post_safe_id=6612d6e3-4205-4933-8ae8-f0cd0adc3fcb&from=singlemessage" "Mozilla/5.0 (Linux; Android 10; MI 9 Transparent Edition Build/QKQ1.190825.002; wv) AppleWebKit/537.36 (KHTML, like Gecko) Version/4.0 Chrome/78.0.3904.62 XWEB/2295 MMWEBSDK/200301 Mobile Safari/537.36 MMWEBID/197 MicroMessenger/7.0.13.1640(0x27000D39) Process/tools NetType/WIFI Language/zh_CN ABI/arm64 WeChat/arm64"
111.192.138.131 - - [23/Apr/2020:16:44:16 +0800] "GET /?m=shareV2&t=post&post_safe_id=6612d6e3-4205-4933-8ae8-f0cd0adc3fcb&from=singlemessage&from=singlemessage HTTP/2.0" 200 360 "-" "Mozilla/5.0 (Linux; Android 10; MI 9 Transparent Edition Build/QKQ1.190825.002; wv) AppleWebKit/537.36 (KHTML, like Gecko) Version/4.0 Chrome/78.0.3904.62 XWEB/2295 MMWEBSDK/200301 Mobile Safari/537.36 MMWEBID/197 MicroMessenger/7.0.13.1640(0x27000D39) Process/tools NetType/WIFI Language/zh_CN ABI/arm64 WeChat/arm64"
111.192.138.131 - - [23/Apr/2020:16:44:16 +0800] "GET /favicon.ico HTTP/2.0" 404 196 "https://stg.fygtapp.com/?m=shareV2&t=post&post_safe_id=6612d6e3-4205-4933-8ae8-f0cd0adc3fcb&from=singlemessage&from=singlemessage" "Mozilla/5.0 (Linux; Android 10; MI 9 Transparent Edition Build/QKQ1.190825.002; wv) AppleWebKit/537.36 (KHTML, like Gecko) Version/4.0 Chrome/78.0.3904.62 XWEB/2295 MMWEBSDK/200301 Mobile Safari/537.36 MMWEBID/197 MicroMessenger/7.0.13.1640(0x27000D39) Process/tools NetType/WIFI Language/zh_CN ABI/arm64 WeChat/arm64"
111.192.138.131 - - [23/Apr/2020:16:44:25 +0800] "GET /favicon.ico HTTP/2.0" 404 196 "https://stg.fygtapp.com/?m=shareV2&t=post&post_safe_id=6612d6e3-4205-4933-8ae8-f0cd0adc3fcb&from=singlemessage&from=singlemessage" "Mozilla/5.0 (Linux; Android 10; MI 9 Transparent Edition Build/QKQ1.190825.002; wv) AppleWebKit/537.36 (KHTML, like Gecko) Version/4.0 Chrome/78.0.3904.62 XWEB/2295 MMWEBSDK/200301 Mobile Safari/537.36 MMWEBID/197 MicroMessenger/7.0.13.1640(0x27000D39) Process/tools NetType/WIFI Language/zh_CN ABI/arm64 WeChat/arm64"
111.192.138.131 - - [23/Apr/2020:16:44:31 +0800] "GET /favicon.ico HTTP/2.0" 404 196 "https://stg.fygtapp.com/?m=shareV2&t=post&post_safe_id=6612d6e3-4205-4933-8ae8-f0cd0adc3fcb&from=singlemessage&from=singlemessage" "Mozilla/5.0 (Linux; Android 10; MI 9 Transparent Edition Build/QKQ1.190825.002; wv) AppleWebKit/537.36 (KHTML, like Gecko) Version/4.0 Chrome/78.0.3904.62 XWEB/2295 MMWEBSDK/200301 Mobile Safari/537.36 MMWEBID/197 MicroMessenger/7.0.13.1640(0x27000D39) Process/tools NetType/WIFI Language/zh_CN ABI/arm64 WeChat/arm64"
111.192.138.131 - - [23/Apr/2020:16:44:34 +0800] "GET /favicon.ico HTTP/2.0" 404 196 "https://stg.fygtapp.com/?m=shareV2&t=post&post_safe_id=6612d6e3-4205-4933-8ae8-f0cd0adc3fcb&from=singlemessage&from=singlemessage" "Mozilla/5.0 (Linux; Android 10; MI 9 Transparent Edition Build/QKQ1.190825.002; wv) AppleWebKit/537.36 (KHTML, like Gecko) Version/4.0 Chrome/78.0.3904.62 XWEB/2295 MMWEBSDK/200301 Mobile Safari/537.36 MMWEBID/197 MicroMessenger/7.0.13.1640(0x27000D39) Process/tools NetType/WIFI Language/zh_CN ABI/arm64 WeChat/arm64"
123.121.11.183 - - [23/Apr/2020:16:45:13 +0800] "GET /?m=shareV2&t=post&post_safe_id=db5e54a8-3b34-46f9-841f-d5cf17cc2730 HTTP/2.0" 200 360 "-" "Mozilla/5.0 (Macintosh; Intel Mac OS X 10_15_4) AppleWebKit/605.1.15 (KHTML, like Gecko) MicroMessenger/2.3.31(0x12031f13) MacWechat NetType/WIFI WindowsWechat"
123.121.11.183 - - [23/Apr/2020:16:45:14 +0800] "GET /?m=shareV2&t=post&post_safe_id=db5e54a8-3b34-46f9-841f-d5cf17cc2730 HTTP/2.0" 200 360 "-" "Mozilla/5.0 (Macintosh; Intel Mac OS X 10_15_4) AppleWebKit/605.1.15 (KHTML, like Gecko) MicroMessenger/2.3.31(0x12031f13) MacWechat NetType/WIFI WindowsWechat MicroMessenger/2.3.31(0x12031f13) MacWechat NetType/WIFI WindowsWechat"
120.11.14.13 - - [23/Apr/2020:16:45:15 +0800] "GET /?m=shareV2&t=post&post_safe_id=db5e54a8-3b34-46f9-841f-d5cf17cc2730&from=groupmessage HTTP/2.0" 200 360 "-" "Mozilla/5.0 (Linux; Android 9; SEA-AL00 Build/HUAWEISEA-AL00; wv) AppleWebKit/537.36 (KHTML, like Gecko) Version/4.0 Chrome/66.0.3359.126 MQQBrowser/6.2 TBS/045131 Mobile Safari/537.36 MMWEBID/1631 MicroMessenger/7.0.13.1640(0x27000D39) Process/tools NetType/WIFI Language/zh_CN ABI/arm64 WeChat/arm64"
123.121.11.183 - - [23/Apr/2020:16:45:15 +0800] "GET /assets/FontManifest.json HTTP/2.0" 200 185 "https://stg.fygtapp.com/?m=shareV2&t=post&post_safe_id=db5e54a8-3b34-46f9-841f-d5cf17cc2730" "Mozilla/5.0 (Macintosh; Intel Mac OS X 10_15_4) AppleWebKit/605.1.15 (KHTML, like Gecko) MicroMessenger/2.3.31(0x12031f13) MacWechat NetType/WIFI WindowsWechat MicroMessenger/2.3.31(0x12031f13) MacWechat NetType/WIFI WindowsWechat"
120.11.14.13 - - [23/Apr/2020:16:45:15 +0800] "GET /favicon.ico HTTP/2.0" 404 196 "https://stg.fygtapp.com/?m=shareV2&t=post&post_safe_id=db5e54a8-3b34-46f9-841f-d5cf17cc2730&from=groupmessage" "Mozilla/5.0 (Linux; Android 9; SEA-AL00 Build/HUAWEISEA-AL00; wv) AppleWebKit/537.36 (KHTML, like Gecko) Version/4.0 Chrome/66.0.3359.126 MQQBrowser/6.2 TBS/045131 Mobile Safari/537.36 MMWEBID/1631 MicroMessenger/7.0.13.1640(0x27000D39) Process/tools NetType/WIFI Language/zh_CN ABI/arm64 WeChat/arm64"
120.11.14.13 - - [23/Apr/2020:16:45:26 +0800] "GET /favicon.ico HTTP/2.0" 404 196 "https://stg.fygtapp.com/?m=shareV2&t=post&post_safe_id=db5e54a8-3b34-46f9-841f-d5cf17cc2730&from=groupmessage" "Mozilla/5.0 (Linux; Android 9; SEA-AL00 Build/HUAWEISEA-AL00; wv) AppleWebKit/537.36 (KHTML, like Gecko) Version/4.0 Chrome/66.0.3359.126 MQQBrowser/6.2 TBS/045131 Mobile Safari/537.36 MMWEBID/1631 MicroMessenger/7.0.13.1640(0x27000D39) Process/tools NetType/WIFI Language/zh_CN ABI/arm64 WeChat/arm64"
120.11.14.13 - - [23/Apr/2020:16:45:26 +0800] "GET /favicon.ico HTTP/2.0" 404 196 "https://stg.fygtapp.com/?m=shareV2&t=post&post_safe_id=db5e54a8-3b34-46f9-841f-d5cf17cc2730&from=groupmessage" "Mozilla/5.0 (Linux; Android 9; SEA-AL00 Build/HUAWEISEA-AL00; wv) AppleWebKit/537.36 (KHTML, like Gecko) Version/4.0 Chrome/66.0.3359.126 MQQBrowser/6.2 TBS/045131 Mobile Safari/537.36 MMWEBID/1631 MicroMessenger/7.0.13.1640(0x27000D39) Process/tools NetType/WIFI Language/zh_CN ABI/arm64 WeChat/arm64"
120.11.14.13 - - [23/Apr/2020:16:45:40 +0800] "GET /favicon.ico HTTP/2.0" 404 196 "https://stg.fygtapp.com/?m=shareV2&t=post&post_safe_id=db5e54a8-3b34-46f9-841f-d5cf17cc2730&from=groupmessage" "Mozilla/5.0 (Linux; Android 9; SEA-AL00 Build/HUAWEISEA-AL00; wv) AppleWebKit/537.36 (KHTML, like Gecko) Version/4.0 Chrome/66.0.3359.126 MQQBrowser/6.2 TBS/045131 Mobile Safari/537.36 MMWEBID/1631 MicroMessenger/7.0.13.1640(0x27000D39) Process/tools NetType/WIFI Language/zh_CN ABI/arm64 WeChat/arm64"
120.11.14.13 - - [23/Apr/2020:16:45:40 +0800] "GET /favicon.ico HTTP/2.0" 404 196 "https://stg.fygtapp.com/?m=shareV2&t=post&post_safe_id=db5e54a8-3b34-46f9-841f-d5cf17cc2730&from=groupmessage" "Mozilla/5.0 (Linux; Android 9; SEA-AL00 Build/HUAWEISEA-AL00; wv) AppleWebKit/537.36 (KHTML, like Gecko) Version/4.0 Chrome/66.0.3359.126 MQQBrowser/6.2 TBS/045131 Mobile Safari/537.36 MMWEBID/1631 MicroMessenger/7.0.13.1640(0x27000D39) Process/tools NetType/WIFI Language/zh_CN ABI/arm64 WeChat/arm64"
111.192.138.131 - - [23/Apr/2020:16:45:48 +0800] "GET /?m=shareV2&t=post&post_safe_id=db5e54a8-3b34-46f9-841f-d5cf17cc2730 HTTP/2.0" 200 360 "-" "Mozilla/5.0 (Macintosh; Intel Mac OS X 10_14_5) AppleWebKit/605.1.15 (KHTML, like Gecko) MicroMessenger/2.3.31(0x12031f10) MacWechat NetType/WIFI WindowsWechat"
120.11.14.13 - - [23/Apr/2020:16:45:58 +0800] "GET /?m=shareV2&t=post&post_safe_id=ec14faa6-b066-44f9-89f5-9f6f6e772e74&from=singlemessage HTTP/2.0" 200 360 "-" "Mozilla/5.0 (Linux; Android 9; SEA-AL00 Build/HUAWEISEA-AL00; wv) AppleWebKit/537.36 (KHTML, like Gecko) Version/4.0 Chrome/66.0.3359.126 MQQBrowser/6.2 TBS/045131 Mobile Safari/537.36 MMWEBID/1631 MicroMessenger/7.0.13.1640(0x27000D39) Process/tools NetType/WIFI Language/zh_CN ABI/arm64 WeChat/arm64"
120.11.14.13 - - [23/Apr/2020:16:45:58 +0800] "GET /favicon.ico HTTP/2.0" 404 196 "https://stg.fygtapp.com/?m=shareV2&t=post&post_safe_id=ec14faa6-b066-44f9-89f5-9f6f6e772e74&from=singlemessage" "Mozilla/5.0 (Linux; Android 9; SEA-AL00 Build/HUAWEISEA-AL00; wv) AppleWebKit/537.36 (KHTML, like Gecko) Version/4.0 Chrome/66.0.3359.126 MQQBrowser/6.2 TBS/045131 Mobile Safari/537.36 MMWEBID/1631 MicroMessenger/7.0.13.1640(0x27000D39) Process/tools NetType/WIFI Language/zh_CN ABI/arm64 WeChat/arm64"
120.11.14.13 - - [23/Apr/2020:16:45:59 +0800] "GET /favicon.ico HTTP/2.0" 404 196 "https://stg.fygtapp.com/?m=shareV2&t=post&post_safe_id=ec14faa6-b066-44f9-89f5-9f6f6e772e74&from=singlemessage" "Mozilla/5.0 (Linux; Android 9; SEA-AL00 Build/HUAWEISEA-AL00; wv) AppleWebKit/537.36 (KHTML, like Gecko) Version/4.0 Chrome/66.0.3359.126 MQQBrowser/6.2 TBS/045131 Mobile Safari/537.36 MMWEBID/1631 MicroMessenger/7.0.13.1640(0x27000D39) Process/tools NetType/WIFI Language/zh_CN ABI/arm64 WeChat/arm64"
111.192.138.131 - - [23/Apr/2020:16:45:59 +0800] "GET /?m=shareV2&t=post&post_safe_id=db5e54a8-3b34-46f9-841f-d5cf17cc2730&from=groupmessage HTTP/2.0" 200 360 "-" "Mozilla/5.0 (Linux; Android 10; MI 9 Transparent Edition Build/QKQ1.190825.002; wv) AppleWebKit/537.36 (KHTML, like Gecko) Version/4.0 Chrome/78.0.3904.62 XWEB/2295 MMWEBSDK/200301 Mobile Safari/537.36 MMWEBID/197 MicroMessenger/7.0.13.1640(0x27000D39) Process/tools NetType/WIFI Language/zh_CN ABI/arm64 WeChat/arm64"
111.192.138.131 - - [23/Apr/2020:16:45:59 +0800] "GET /favicon.ico HTTP/2.0" 404 196 "https://stg.fygtapp.com/?m=shareV2&t=post&post_safe_id=db5e54a8-3b34-46f9-841f-d5cf17cc2730&from=groupmessage" "Mozilla/5.0 (Linux; Android 10; MI 9 Transparent Edition Build/QKQ1.190825.002; wv) AppleWebKit/537.36 (KHTML, like Gecko) Version/4.0 Chrome/78.0.3904.62 XWEB/2295 MMWEBSDK/200301 Mobile Safari/537.36 MMWEBID/197 MicroMessenger/7.0.13.1640(0x27000D39) Process/tools NetType/WIFI Language/zh_CN ABI/arm64 WeChat/arm64"
120.11.14.13 - - [23/Apr/2020:16:46:05 +0800] "GET /favicon.ico HTTP/2.0" 404 196 "https://stg.fygtapp.com/?m=shareV2&t=post&post_safe_id=db5e54a8-3b34-46f9-841f-d5cf17cc2730&from=groupmessage" "Mozilla/5.0 (Linux; Android 9; SEA-AL00 Build/HUAWEISEA-AL00; wv) AppleWebKit/537.36 (KHTML, like Gecko) Version/4.0 Chrome/66.0.3359.126 MQQBrowser/6.2 TBS/045131 Mobile Safari/537.36 MMWEBID/1631 MicroMessenger/7.0.13.1640(0x27000D39) Process/tools NetType/WIFI Language/zh_CN ABI/arm64 WeChat/arm64"
111.192.138.131 - - [23/Apr/2020:16:46:08 +0800] "GET /?m=shareV2&t=post&post_safe_id=db5e54a8-3b34-46f9-841f-d5cf17cc2730 HTTP/2.0" 200 360 "-" "Mozilla/5.0 (Macintosh; Intel Mac OS X 10_14_5) AppleWebKit/605.1.15 (KHTML, like Gecko) MicroMessenger/2.3.31(0x12031f10) MacWechat NetType/WIFI WindowsWechat"
111.192.138.131 - - [23/Apr/2020:16:46:09 +0800] "GET /?m=shareV2&t=post&post_safe_id=db5e54a8-3b34-46f9-841f-d5cf17cc2730 HTTP/2.0" 200 360 "-" "Mozilla/5.0 (Macintosh; Intel Mac OS X 10_14_5) AppleWebKit/605.1.15 (KHTML, like Gecko) MicroMessenger/2.3.31(0x12031f10) MacWechat NetType/WIFI WindowsWechat"
111.192.138.131 - - [23/Apr/2020:16:46:12 +0800] "GET /favicon.ico HTTP/2.0" 404 196 "https://stg.fygtapp.com/?m=shareV2&t=post&post_safe_id=db5e54a8-3b34-46f9-841f-d5cf17cc2730&from=groupmessage" "Mozilla/5.0 (Linux; Android 10; MI 9 Transparent Edition Build/QKQ1.190825.002; wv) AppleWebKit/537.36 (KHTML, like Gecko) Version/4.0 Chrome/78.0.3904.62 XWEB/2295 MMWEBSDK/200301 Mobile Safari/537.36 MMWEBID/197 MicroMessenger/7.0.13.1640(0x27000D39) Process/tools NetType/WIFI Language/zh_CN ABI/arm64 WeChat/arm64"
111.201.85.98 - - [23/Apr/2020:16:46:16 +0800] "GET /?m=shareV2&t=post&post_safe_id=ef56c3a9-4c71-4f72-b4f1-88631c852c9d&from=singlemessage&isappinstalled=0 HTTP/2.0" 200 360 "-" "Mozilla/5.0 (iPhone; CPU iPhone OS 13_3_1 like Mac OS X) AppleWebKit/605.1.15 (KHTML, like Gecko) Mobile/15E148 MicroMessenger/7.0.12(0x17000c2b) NetType/WIFI Language/zh_CN"
111.192.138.131 - - [23/Apr/2020:16:46:21 +0800] "GET /?m=shareV2&t=post&post_safe_id=db5e54a8-3b34-46f9-841f-d5cf17cc2730 HTTP/2.0" 200 360 "-" "Mozilla/5.0 (Macintosh; Intel Mac OS X 10_14_5) AppleWebKit/537.36 (KHTML, like Gecko) Chrome/80.0.3987.163 Safari/537.36"
111.201.85.98 - - [23/Apr/2020:16:46:40 +0800] "GET /?m=shareV2&t=post&post_safe_id=ef56c3a9-4c71-4f72-b4f1-88631c852c9d&from=singlemessage&isappinstalled=0 HTTP/2.0" 200 360 "-" "Mozilla/5.0 (iPhone; CPU iPhone OS 13_3_1 like Mac OS X) AppleWebKit/605.1.15 (KHTML, like Gecko) Mobile/15E148 MicroMessenger/7.0.12(0x17000c2b) NetType/WIFI Language/zh_CN"
120.11.14.13 - - [23/Apr/2020:16:47:06 +0800] "GET /?m=shareV2&t=post&post_safe_id=1a616eea-0887-4801-a64e-60a12c863da0&from=singlemessage HTTP/2.0" 200 360 "-" "Mozilla/5.0 (Linux; Android 9; SEA-AL00 Build/HUAWEISEA-AL00; wv) AppleWebKit/537.36 (KHTML, like Gecko) Version/4.0 Chrome/66.0.3359.126 MQQBrowser/6.2 TBS/045131 Mobile Safari/537.36 MMWEBID/1631 MicroMessenger/7.0.13.1640(0x27000D39) Process/tools NetType/WIFI Language/zh_CN ABI/arm64 WeChat/arm64"
120.11.14.13 - - [23/Apr/2020:16:47:07 +0800] "GET /favicon.ico HTTP/2.0" 404 196 "https://stg.fygtapp.com/?m=shareV2&t=post&post_safe_id=1a616eea-0887-4801-a64e-60a12c863da0&from=singlemessage" "Mozilla/5.0 (Linux; Android 9; SEA-AL00 Build/HUAWEISEA-AL00; wv) AppleWebKit/537.36 (KHTML, like Gecko) Version/4.0 Chrome/66.0.3359.126 MQQBrowser/6.2 TBS/045131 Mobile Safari/537.36 MMWEBID/1631 MicroMessenger/7.0.13.1640(0x27000D39) Process/tools NetType/WIFI Language/zh_CN ABI/arm64 WeChat/arm64"
120.11.14.13 - - [23/Apr/2020:16:47:07 +0800] "GET /favicon.ico HTTP/2.0" 404 196 "https://stg.fygtapp.com/?m=shareV2&t=post&post_safe_id=1a616eea-0887-4801-a64e-60a12c863da0&from=singlemessage" "Mozilla/5.0 (Linux; Android 9; SEA-AL00 Build/HUAWEISEA-AL00; wv) AppleWebKit/537.36 (KHTML, like Gecko) Version/4.0 Chrome/66.0.3359.126 MQQBrowser/6.2 TBS/045131 Mobile Safari/537.36 MMWEBID/1631 MicroMessenger/7.0.13.1640(0x27000D39) Process/tools NetType/WIFI Language/zh_CN ABI/arm64 WeChat/arm64"
120.11.14.13 - - [23/Apr/2020:16:47:12 +0800] "GET /?m=shareV2&t=post&post_safe_id=1a616eea-0887-4801-a64e-60a12c863da0&from=singlemessage&from=singlemessage HTTP/2.0" 200 360 "-" "Mozilla/5.0 (Linux; Android 9; SEA-AL00 Build/HUAWEISEA-AL00; wv) AppleWebKit/537.36 (KHTML, like Gecko) Version/4.0 Chrome/66.0.3359.126 MQQBrowser/6.2 TBS/045131 Mobile Safari/537.36 MMWEBID/1631 MicroMessenger/7.0.13.1640(0x27000D39) Process/tools NetType/WIFI Language/zh_CN ABI/arm64 WeChat/arm64"
120.11.14.13 - - [23/Apr/2020:16:47:13 +0800] "GET /favicon.ico HTTP/2.0" 404 196 "https://stg.fygtapp.com/?m=shareV2&t=post&post_safe_id=1a616eea-0887-4801-a64e-60a12c863da0&from=singlemessage&from=singlemessage" "Mozilla/5.0 (Linux; Android 9; SEA-AL00 Build/HUAWEISEA-AL00; wv) AppleWebKit/537.36 (KHTML, like Gecko) Version/4.0 Chrome/66.0.3359.126 MQQBrowser/6.2 TBS/045131 Mobile Safari/537.36 MMWEBID/1631 MicroMessenger/7.0.13.1640(0x27000D39) Process/tools NetType/WIFI Language/zh_CN ABI/arm64 WeChat/arm64"
111.192.138.131 - - [23/Apr/2020:16:47:18 +0800] "GET /?m=shareV2&t=post&post_safe_id=db5e54a8-3b34-46f9-841f-d5cf17cc2730 HTTP/2.0" 200 360 "-" "Mozilla/5.0 (Macintosh; Intel Mac OS X 10_15_4) AppleWebKit/605.1.15 (KHTML, like Gecko) MicroMessenger/2.3.31(0x12031f10) MacWechat NetType/WIFI WindowsWechat"
111.201.85.98 - - [23/Apr/2020:16:47:18 +0800] "GET /?m=shareV2&t=post&post_safe_id=ef56c3a9-4c71-4f72-b4f1-88631c852c9d&from=singlemessage&isappinstalled=0 HTTP/2.0" 200 360 "-" "Mozilla/5.0 (iPhone; CPU iPhone OS 13_3_1 like Mac OS X) AppleWebKit/605.1.15 (KHTML, like Gecko) Version/13.0.5 Mobile/15E148 Safari/604.1"
111.192.138.131 - - [23/Apr/2020:16:47:18 +0800] "GET /assets/FontManifest.json HTTP/2.0" 200 185 "https://stg.fygtapp.com/?m=shareV2&t=post&post_safe_id=db5e54a8-3b34-46f9-841f-d5cf17cc2730" "Mozilla/5.0 (Macintosh; Intel Mac OS X 10_15_4) AppleWebKit/605.1.15 (KHTML, like Gecko) MicroMessenger/2.3.31(0x12031f10) MacWechat NetType/WIFI WindowsWechat"
111.201.85.98 - - [23/Apr/2020:16:47:19 +0800] "GET /assets/FontManifest.json HTTP/2.0" 200 185 "https://stg.fygtapp.com/?m=shareV2&t=post&post_safe_id=ef56c3a9-4c71-4f72-b4f1-88631c852c9d&from=singlemessage&isappinstalled=0" "Mozilla/5.0 (iPhone; CPU iPhone OS 13_3_1 like Mac OS X) AppleWebKit/605.1.15 (KHTML, like Gecko) Version/13.0.5 Mobile/15E148 Safari/604.1"
111.201.85.98 - - [23/Apr/2020:16:47:19 +0800] "GET /favicon.ico HTTP/2.0" 404 196 "https://stg.fygtapp.com/?m=shareV2&t=post&post_safe_id=ef56c3a9-4c71-4f72-b4f1-88631c852c9d&from=singlemessage&isappinstalled=0" "Mozilla/5.0 (iPhone; CPU iPhone OS 13_3_1 like Mac OS X) AppleWebKit/605.1.15 (KHTML, like Gecko) Version/13.0.5 Mobile/15E148 Safari/604.1"
120.11.14.13 - - [23/Apr/2020:16:47:33 +0800] "GET /favicon.ico HTTP/2.0" 404 196 "https://stg.fygtapp.com/?m=shareV2&t=post&post_safe_id=1a616eea-0887-4801-a64e-60a12c863da0&from=singlemessage&from=singlemessage" "Mozilla/5.0 (Linux; Android 9; SEA-AL00 Build/HUAWEISEA-AL00; wv) AppleWebKit/537.36 (KHTML, like Gecko) Version/4.0 Chrome/66.0.3359.126 MQQBrowser/6.2 TBS/045131 Mobile Safari/537.36 MMWEBID/1631 MicroMessenger/7.0.13.1640(0x27000D39) Process/tools NetType/WIFI Language/zh_CN ABI/arm64 WeChat/arm64"
120.11.14.13 - - [23/Apr/2020:16:47:40 +0800] "GET /?m=shareV2&t=post&post_safe_id=ec14faa6-b066-44f9-89f5-9f6f6e772e74&from=singlemessage&from=singlemessage HTTP/2.0" 200 360 "-" "Mozilla/5.0 (Linux; Android 9; SEA-AL00 Build/HUAWEISEA-AL00; wv) AppleWebKit/537.36 (KHTML, like Gecko) Version/4.0 Chrome/66.0.3359.126 MQQBrowser/6.2 TBS/045131 Mobile Safari/537.36 MMWEBID/1631 MicroMessenger/7.0.13.1640(0x27000D39) Process/tools NetType/WIFI Language/zh_CN ABI/arm64 WeChat/arm64"
111.192.138.131 - - [23/Apr/2020:16:47:40 +0800] "GET /?m=shareV2&t=post&post_safe_id=db5e54a8-3b34-46f9-841f-d5cf17cc2730&from=groupmessage&isappinstalled=0 HTTP/2.0" 200 360 "-" "Mozilla/5.0 (iPhone; CPU iPhone OS 13_3_1 like Mac OS X) AppleWebKit/605.1.15 (KHTML, like Gecko) Mobile/15E148 MicroMessenger/7.0.12(0x17000c2c) NetType/WIFI Language/zh_CN"
120.11.14.13 - - [23/Apr/2020:16:47:40 +0800] "GET /favicon.ico HTTP/2.0" 404 196 "https://stg.fygtapp.com/?m=shareV2&t=post&post_safe_id=ec14faa6-b066-44f9-89f5-9f6f6e772e74&from=singlemessage&from=singlemessage" "Mozilla/5.0 (Linux; Android 9; SEA-AL00 Build/HUAWEISEA-AL00; wv) AppleWebKit/537.36 (KHTML, like Gecko) Version/4.0 Chrome/66.0.3359.126 MQQBrowser/6.2 TBS/045131 Mobile Safari/537.36 MMWEBID/1631 MicroMessenger/7.0.13.1640(0x27000D39) Process/tools NetType/WIFI Language/zh_CN ABI/arm64 WeChat/arm64"
120.11.14.13 - - [23/Apr/2020:16:47:40 +0800] "GET /favicon.ico HTTP/2.0" 404 196 "https://stg.fygtapp.com/?m=shareV2&t=post&post_safe_id=ec14faa6-b066-44f9-89f5-9f6f6e772e74&from=singlemessage&from=singlemessage" "Mozilla/5.0 (Linux; Android 9; SEA-AL00 Build/HUAWEISEA-AL00; wv) AppleWebKit/537.36 (KHTML, like Gecko) Version/4.0 Chrome/66.0.3359.126 MQQBrowser/6.2 TBS/045131 Mobile Safari/537.36 MMWEBID/1631 MicroMessenger/7.0.13.1640(0x27000D39) Process/tools NetType/WIFI Language/zh_CN ABI/arm64 WeChat/arm64"
111.192.138.131 - - [23/Apr/2020:16:47:40 +0800] "GET /assets/FontManifest.json HTTP/2.0" 200 185 "https://stg.fygtapp.com/?m=shareV2&t=post&post_safe_id=db5e54a8-3b34-46f9-841f-d5cf17cc2730&from=groupmessage&isappinstalled=0" "Mozilla/5.0 (iPhone; CPU iPhone OS 13_3_1 like Mac OS X) AppleWebKit/605.1.15 (KHTML, like Gecko) Mobile/15E148 MicroMessenger/7.0.12(0x17000c2c) NetType/WIFI Language/zh_CN"
49.7.39.245 - - [23/Apr/2020:16:47:44 +0800] "HEAD /?m=sharev2&t=post&post_safe_id=ef56c3a9-4c71-4f72-b4f1-88631c852c9d HTTP/1.1" 200 - "-" "Mozilla/4.0 (compatible; MSIE 7.0; Windows NT 6.0; Trident/5.0)"
111.201.85.98 - - [23/Apr/2020:16:47:56 +0800] "GET /?m=shareV2&t=post&post_safe_id=ef56c3a9-4c71-4f72-b4f1-88631c852c9d HTTP/2.0" 200 360 "-" "Mozilla/5.0 (iPhone; CPU iPhone OS 13_3_1 like Mac OS X) AppleWebKit/605.1.15 (KHTML, like Gecko) Mobile/15E148 Weibo (iPhone12,1__weibo__10.3.2__iphone__os13.3.1)"
120.11.14.13 - - [23/Apr/2020:16:47:58 +0800] "GET /favicon.ico HTTP/2.0" 404 196 "https://stg.fygtapp.com/?m=shareV2&t=post&post_safe_id=ec14faa6-b066-44f9-89f5-9f6f6e772e74&from=singlemessage&from=singlemessage" "Mozilla/5.0 (Linux; Android 9; SEA-AL00 Build/HUAWEISEA-AL00; wv) AppleWebKit/537.36 (KHTML, like Gecko) Version/4.0 Chrome/66.0.3359.126 MQQBrowser/6.2 TBS/045131 Mobile Safari/537.36 MMWEBID/1631 MicroMessenger/7.0.13.1640(0x27000D39) Process/tools NetType/WIFI Language/zh_CN ABI/arm64 WeChat/arm64"
120.11.14.13 - - [23/Apr/2020:16:47:58 +0800] "GET /favicon.ico HTTP/2.0" 404 196 "https://stg.fygtapp.com/?m=shareV2&t=post&post_safe_id=ec14faa6-b066-44f9-89f5-9f6f6e772e74&from=singlemessage&from=singlemessage" "Mozilla/5.0 (Linux; Android 9; SEA-AL00 Build/HUAWEISEA-AL00; wv) AppleWebKit/537.36 (KHTML, like Gecko) Version/4.0 Chrome/66.0.3359.126 MQQBrowser/6.2 TBS/045131 Mobile Safari/537.36 MMWEBID/1631 MicroMessenger/7.0.13.1640(0x27000D39) Process/tools NetType/WIFI Language/zh_CN ABI/arm64 WeChat/arm64"
111.201.85.98 - - [23/Apr/2020:16:48:06 +0800] "GET /?m=shareV2&t=post&post_safe_id=ef56c3a9-4c71-4f72-b4f1-88631c852c9d&from=singlemessage&isappinstalled=0 HTTP/2.0" 200 360 "-" "Mozilla/5.0 (iPhone; CPU iPhone OS 13_3_1 like Mac OS X) AppleWebKit/605.1.15 (KHTML, like Gecko) Mobile/15E148 MicroMessenger/7.0.12(0x17000c2b) NetType/WIFI Language/zh_CN"
111.201.85.98 - - [23/Apr/2020:16:48:09 +0800] "GET /?m=shareV2&t=post&post_safe_id=ef56c3a9-4c71-4f72-b4f1-88631c852c9d&from=singlemessage&isappinstalled=0 HTTP/2.0" 200 360 "-" "Mozilla/5.0 (iPhone; CPU iPhone OS 13_3_1 like Mac OS X) AppleWebKit/605.1.15 (KHTML, like Gecko) Mobile/15E148 MicroMessenger/7.0.12(0x17000c2b) NetType/WIFI Language/zh_CN"
111.201.85.98 - - [23/Apr/2020:16:48:10 +0800] "GET /assets/FontManifest.json HTTP/2.0" 200 185 "https://stg.fygtapp.com/?m=shareV2&t=post&post_safe_id=ef56c3a9-4c71-4f72-b4f1-88631c852c9d&from=singlemessage&isappinstalled=0" "Mozilla/5.0 (iPhone; CPU iPhone OS 13_3_1 like Mac OS X) AppleWebKit/605.1.15 (KHTML, like Gecko) Mobile/15E148 MicroMessenger/7.0.12(0x17000c2b) NetType/WIFI Language/zh_CN"
120.11.14.13 - - [23/Apr/2020:16:48:24 +0800] "GET /?m=shareV2&t=post&post_safe_id=629ac46d-8aa3-4bfb-8dff-8b941893676a&from=singlemessage HTTP/2.0" 200 360 "-" "Mozilla/5.0 (Linux; Android 9; SEA-AL00 Build/HUAWEISEA-AL00; wv) AppleWebKit/537.36 (KHTML, like Gecko) Version/4.0 Chrome/66.0.3359.126 MQQBrowser/6.2 TBS/045131 Mobile Safari/537.36 MMWEBID/1631 MicroMessenger/7.0.13.1640(0x27000D39) Process/tools NetType/WIFI Language/zh_CN ABI/arm64 WeChat/arm64"
120.11.14.13 - - [23/Apr/2020:16:48:24 +0800] "GET /favicon.ico HTTP/2.0" 404 196 "https://stg.fygtapp.com/?m=shareV2&t=post&post_safe_id=629ac46d-8aa3-4bfb-8dff-8b941893676a&from=singlemessage" "Mozilla/5.0 (Linux; Android 9; SEA-AL00 Build/HUAWEISEA-AL00; wv) AppleWebKit/537.36 (KHTML, like Gecko) Version/4.0 Chrome/66.0.3359.126 MQQBrowser/6.2 TBS/045131 Mobile Safari/537.36 MMWEBID/1631 MicroMessenger/7.0.13.1640(0x27000D39) Process/tools NetType/WIFI Language/zh_CN ABI/arm64 WeChat/arm64"
120.11.14.13 - - [23/Apr/2020:16:48:24 +0800] "GET /favicon.ico HTTP/2.0" 404 196 "https://stg.fygtapp.com/?m=shareV2&t=post&post_safe_id=629ac46d-8aa3-4bfb-8dff-8b941893676a&from=singlemessage" "Mozilla/5.0 (Linux; Android 9; SEA-AL00 Build/HUAWEISEA-AL00; wv) AppleWebKit/537.36 (KHTML, like Gecko) Version/4.0 Chrome/66.0.3359.126 MQQBrowser/6.2 TBS/045131 Mobile Safari/537.36 MMWEBID/1631 MicroMessenger/7.0.13.1640(0x27000D39) Process/tools NetType/WIFI Language/zh_CN ABI/arm64 WeChat/arm64"
120.11.14.13 - - [23/Apr/2020:16:48:45 +0800] "GET /?m=shareV2&t=post&post_safe_id=f8b71f00-a63f-4a1d-9832-9aea086e77d2&from=singlemessage HTTP/2.0" 200 360 "-" "Mozilla/5.0 (Linux; Android 9; SEA-AL00 Build/HUAWEISEA-AL00; wv) AppleWebKit/537.36 (KHTML, like Gecko) Version/4.0 Chrome/66.0.3359.126 MQQBrowser/6.2 TBS/045131 Mobile Safari/537.36 MMWEBID/1631 MicroMessenger/7.0.13.1640(0x27000D39) Process/tools NetType/WIFI Language/zh_CN ABI/arm64 WeChat/arm64"
120.11.14.13 - - [23/Apr/2020:16:48:45 +0800] "GET /favicon.ico HTTP/2.0" 404 196 "https://stg.fygtapp.com/?m=shareV2&t=post&post_safe_id=f8b71f00-a63f-4a1d-9832-9aea086e77d2&from=singlemessage" "Mozilla/5.0 (Linux; Android 9; SEA-AL00 Build/HUAWEISEA-AL00; wv) AppleWebKit/537.36 (KHTML, like Gecko) Version/4.0 Chrome/66.0.3359.126 MQQBrowser/6.2 TBS/045131 Mobile Safari/537.36 MMWEBID/1631 MicroMessenger/7.0.13.1640(0x27000D39) Process/tools NetType/WIFI Language/zh_CN ABI/arm64 WeChat/arm64"
120.11.14.13 - - [23/Apr/2020:16:48:45 +0800] "GET /favicon.ico HTTP/2.0" 404 196 "https://stg.fygtapp.com/?m=shareV2&t=post&post_safe_id=f8b71f00-a63f-4a1d-9832-9aea086e77d2&from=singlemessage" "Mozilla/5.0 (Linux; Android 9; SEA-AL00 Build/HUAWEISEA-AL00; wv) AppleWebKit/537.36 (KHTML, like Gecko) Version/4.0 Chrome/66.0.3359.126 MQQBrowser/6.2 TBS/045131 Mobile Safari/537.36 MMWEBID/1631 MicroMessenger/7.0.13.1640(0x27000D39) Process/tools NetType/WIFI Language/zh_CN ABI/arm64 WeChat/arm64"
120.11.14.13 - - [23/Apr/2020:16:48:51 +0800] "GET /?m=shareV2&t=post&post_safe_id=f8b71f00-a63f-4a1d-9832-9aea086e77d2&from=singlemessage&from=singlemessage HTTP/2.0" 200 360 "-" "Mozilla/5.0 (Linux; Android 9; SEA-AL00 Build/HUAWEISEA-AL00; wv) AppleWebKit/537.36 (KHTML, like Gecko) Version/4.0 Chrome/66.0.3359.126 MQQBrowser/6.2 TBS/045131 Mobile Safari/537.36 MMWEBID/1631 MicroMessenger/7.0.13.1640(0x27000D39) Process/tools NetType/WIFI Language/zh_CN ABI/arm64 WeChat/arm64"
120.11.14.13 - - [23/Apr/2020:16:48:51 +0800] "GET /favicon.ico HTTP/2.0" 404 196 "https://stg.fygtapp.com/?m=shareV2&t=post&post_safe_id=f8b71f00-a63f-4a1d-9832-9aea086e77d2&from=singlemessage&from=singlemessage" "Mozilla/5.0 (Linux; Android 9; SEA-AL00 Build/HUAWEISEA-AL00; wv) AppleWebKit/537.36 (KHTML, like Gecko) Version/4.0 Chrome/66.0.3359.126 MQQBrowser/6.2 TBS/045131 Mobile Safari/537.36 MMWEBID/1631 MicroMessenger/7.0.13.1640(0x27000D39) Process/tools NetType/WIFI Language/zh_CN ABI/arm64 WeChat/arm64"
120.11.14.13 - - [23/Apr/2020:16:49:09 +0800] "GET /?m=shareV2&t=post&post_safe_id=db5e54a8-3b34-46f9-841f-d5cf17cc2730&from=groupmessage&from=groupmessage HTTP/2.0" 200 360 "-" "Mozilla/5.0 (Linux; Android 9; SEA-AL00 Build/HUAWEISEA-AL00; wv) AppleWebKit/537.36 (KHTML, like Gecko) Version/4.0 Chrome/66.0.3359.126 MQQBrowser/6.2 TBS/045131 Mobile Safari/537.36 MMWEBID/1631 MicroMessenger/7.0.13.1640(0x27000D39) Process/tools NetType/WIFI Language/zh_CN ABI/arm64 WeChat/arm64"
120.11.14.13 - - [23/Apr/2020:16:49:09 +0800] "GET /favicon.ico HTTP/2.0" 404 196 "https://stg.fygtapp.com/?m=shareV2&t=post&post_safe_id=db5e54a8-3b34-46f9-841f-d5cf17cc2730&from=groupmessage&from=groupmessage" "Mozilla/5.0 (Linux; Android 9; SEA-AL00 Build/HUAWEISEA-AL00; wv) AppleWebKit/537.36 (KHTML, like Gecko) Version/4.0 Chrome/66.0.3359.126 MQQBrowser/6.2 TBS/045131 Mobile Safari/537.36 MMWEBID/1631 MicroMessenger/7.0.13.1640(0x27000D39) Process/tools NetType/WIFI Language/zh_CN ABI/arm64 WeChat/arm64"
123.121.11.183 - - [23/Apr/2020:17:02:45 +0800] "GET /?m=shareV2&t=post&post_safe_id=db5e54a8-3b34-46f9-841f-d5cf17cc2730 HTTP/2.0" 200 360 "-" "Mozilla/5.0 (Macintosh; Intel Mac OS X 10_15_4) AppleWebKit/605.1.15 (KHTML, like Gecko) MicroMessenger/2.3.31(0x12031f13) MacWechat NetType/WIFI WindowsWechat"
123.121.11.183 - - [23/Apr/2020:17:02:46 +0800] "GET /assets/FontManifest.json HTTP/2.0" 200 185 "https://stg.fygtapp.com/?m=shareV2&t=post&post_safe_id=db5e54a8-3b34-46f9-841f-d5cf17cc2730" "Mozilla/5.0 (Macintosh; Intel Mac OS X 10_15_4) AppleWebKit/605.1.15 (KHTML, like Gecko) MicroMessenger/2.3.31(0x12031f13) MacWechat NetType/WIFI WindowsWechat"
123.121.11.183 - - [23/Apr/2020:17:09:40 +0800] "GET /?m=shareV2&t=post&post_safe_id=ef56c3a9-4c71-4f72-b4f1-88631c852c9d HTTP/2.0" 200 360 "-" "Mozilla/5.0 (Macintosh; Intel Mac OS X 10_15_4) AppleWebKit/605.1.15 (KHTML, like Gecko) MicroMessenger/2.3.31(0x12031f13) MacWechat NetType/WIFI WindowsWechat"
123.121.11.183 - - [23/Apr/2020:17:09:41 +0800] "GET /assets/FontManifest.json HTTP/2.0" 200 185 "https://stg.fygtapp.com/?m=shareV2&t=post&post_safe_id=ef56c3a9-4c71-4f72-b4f1-88631c852c9d" "Mozilla/5.0 (Macintosh; Intel Mac OS X 10_15_4) AppleWebKit/605.1.15 (KHTML, like Gecko) MicroMessenger/2.3.31(0x12031f13) MacWechat NetType/WIFI WindowsWechat"
47.100.223.123 - - [23/Apr/2020:20:18:59 +0800] "GET / HTTP/1.1" 200 360 "-" "Mozilla/5.0 (X11; Ubuntu; Linux x86_64; rv:36.0) Gecko/20100101 Firefox/36.0"
114.245.148.125 - - [23/Apr/2020:20:49:40 +0800] "GET /?m=shareV2&t=post&post_safe_id=ef56c3a9-4c71-4f72-b4f1-88631c852c9d&from=singlemessage&isappinstalled=0 HTTP/2.0" 200 360 "-" "Mozilla/5.0 (iPhone; CPU iPhone OS 13_3_1 like Mac OS X) AppleWebKit/605.1.15 (KHTML, like Gecko) Version/13.0.5 Mobile/15E148 Safari/604.1"
114.245.148.125 - - [23/Apr/2020:20:49:41 +0800] "GET /assets/FontManifest.json HTTP/2.0" 200 185 "https://stg.fygtapp.com/?m=shareV2&t=post&post_safe_id=ef56c3a9-4c71-4f72-b4f1-88631c852c9d&from=singlemessage&isappinstalled=0" "Mozilla/5.0 (iPhone; CPU iPhone OS 13_3_1 like Mac OS X) AppleWebKit/605.1.15 (KHTML, like Gecko) Version/13.0.5 Mobile/15E148 Safari/604.1"
114.245.148.125 - - [23/Apr/2020:20:49:50 +0800] "GET /?m=shareV2&t=post&post_safe_id=ef56c3a9-4c71-4f72-b4f1-88631c852c9d&from=singlemessage&isappinstalled=0 HTTP/2.0" 200 360 "-" "Mozilla/5.0 (iPhone; CPU iPhone OS 13_3_1 like Mac OS X) AppleWebKit/605.1.15 (KHTML, like Gecko) Version/13.0.5 Mobile/15E148 Safari/604.1"
114.245.148.125 - - [23/Apr/2020:20:49:50 +0800] "GET /favicon.ico HTTP/2.0" 404 196 "https://stg.fygtapp.com/?m=shareV2&t=post&post_safe_id=ef56c3a9-4c71-4f72-b4f1-88631c852c9d&from=singlemessage&isappinstalled=0" "Mozilla/5.0 (iPhone; CPU iPhone OS 13_3_1 like Mac OS X) AppleWebKit/605.1.15 (KHTML, like Gecko) Version/13.0.5 Mobile/15E148 Safari/604.1"
114.245.148.125 - - [23/Apr/2020:22:10:08 +0800] "GET /?m=shareV2&t=post&post_safe_id=1168de90-9a39-413a-8dbc-d04af819d425 HTTP/2.0" 200 360 "-" "Mozilla/5.0 (iPhone; CPU iPhone OS 13_3_1 like Mac OS X) AppleWebKit/605.1.15 (KHTML, like Gecko) Mobile/15E148 Weibo (iPhone12,1__weibo__10.3.2__iphone__os13.3.1)"
47.101.51.140 - - [24/Apr/2020:02:00:16 +0800] "GET / HTTP/1.1" 200 360 "-" "Mozilla/5.0 (X11; Ubuntu; Linux x86_64; rv:36.0) Gecko/20100101 Firefox/36.0"
111.192.138.131 - - [24/Apr/2020:12:19:03 +0800] "GET /v2/posts/featuredV3 HTTP/2.0" 404 196 "-" "Mozilla/5.0 (Macintosh; Intel Mac OS X 10_15_4) AppleWebKit/537.36 (KHTML, like Gecko) Chrome/80.0.3987.163 Safari/537.36"
111.192.138.131 - - [24/Apr/2020:12:19:03 +0800] "GET /favicon.ico HTTP/2.0" 404 196 "https://stg.fygtapp.com/v2/posts/featuredV3" "Mozilla/5.0 (Macintosh; Intel Mac OS X 10_15_4) AppleWebKit/537.36 (KHTML, like Gecko) Chrome/80.0.3987.163 Safari/537.36"
114.254.128.179 - - [24/Apr/2020:14:54:29 +0800] "GET /?m=shareV2&t=post&post_safe_id=660463bf-c6c4-4cd0-8b60-815cfecf0a97&from=timeline HTTP/2.0" 200 360 "-" "Mozilla/5.0 (Linux; Android 10; VOG-AL00 Build/HUAWEIVOG-AL00; wv) AppleWebKit/537.36 (KHTML, like Gecko) Version/4.0 Chrome/66.0.3359.126 MQQBrowser/6.2 TBS/045136 Mobile Safari/537.36 MMWEBID/5789 MicroMessenger/7.0.10.1580(0x27000AFE) Process/tools NetType/WIFI Language/zh_CN ABI/arm64"
114.254.128.179 - - [24/Apr/2020:14:54:30 +0800] "GET /assets/FontManifest.json HTTP/2.0" 200 185 "https://stg.fygtapp.com/?m=shareV2&t=post&post_safe_id=660463bf-c6c4-4cd0-8b60-815cfecf0a97&from=timeline" "Mozilla/5.0 (Linux; Android 10; VOG-AL00 Build/HUAWEIVOG-AL00; wv) AppleWebKit/537.36 (KHTML, like Gecko) Version/4.0 Chrome/66.0.3359.126 MQQBrowser/6.2 TBS/045136 Mobile Safari/537.36 MMWEBID/5789 MicroMessenger/7.0.10.1580(0x27000AFE) Process/tools NetType/WIFI Language/zh_CN ABI/arm64"
114.254.128.179 - - [24/Apr/2020:14:54:30 +0800] "GET /favicon.ico HTTP/2.0" 404 196 "https://stg.fygtapp.com/?m=shareV2&t=post&post_safe_id=660463bf-c6c4-4cd0-8b60-815cfecf0a97&from=timeline" "Mozilla/5.0 (Linux; Android 10; VOG-AL00 Build/HUAWEIVOG-AL00; wv) AppleWebKit/537.36 (KHTML, like Gecko) Version/4.0 Chrome/66.0.3359.126 MQQBrowser/6.2 TBS/045136 Mobile Safari/537.36 MMWEBID/5789 MicroMessenger/7.0.10.1580(0x27000AFE) Process/tools NetType/WIFI Language/zh_CN ABI/arm64"
114.254.128.179 - - [24/Apr/2020:14:58:03 +0800] "GET /?m=shareV2&t=post&post_safe_id=127be2e3-fbe1-49e2-a7f9-a9d064614807&from=timeline HTTP/2.0" 200 360 "-" "Mozilla/5.0 (Linux; Android 10; VOG-AL00 Build/HUAWEIVOG-AL00; wv) AppleWebKit/537.36 (KHTML, like Gecko) Version/4.0 Chrome/66.0.3359.126 MQQBrowser/6.2 TBS/045136 Mobile Safari/537.36 MMWEBID/5789 MicroMessenger/7.0.10.1580(0x27000AFE) Process/tools NetType/WIFI Language/zh_CN ABI/arm64"
114.254.128.179 - - [24/Apr/2020:14:58:03 +0800] "GET /favicon.ico HTTP/2.0" 404 196 "https://stg.fygtapp.com/?m=shareV2&t=post&post_safe_id=127be2e3-fbe1-49e2-a7f9-a9d064614807&from=timeline" "Mozilla/5.0 (Linux; Android 10; VOG-AL00 Build/HUAWEIVOG-AL00; wv) AppleWebKit/537.36 (KHTML, like Gecko) Version/4.0 Chrome/66.0.3359.126 MQQBrowser/6.2 TBS/045136 Mobile Safari/537.36 MMWEBID/5789 MicroMessenger/7.0.10.1580(0x27000AFE) Process/tools NetType/WIFI Language/zh_CN ABI/arm64"
101.132.106.111 - - [24/Apr/2020:15:06:20 +0800] "GET / HTTP/1.1" 200 360 "-" "Mozilla/5.0 (X11; Ubuntu; Linux x86_64; rv:36.0) Gecko/20100101 Firefox/36.0"
47.101.200.206 - - [25/Apr/2020:04:29:40 +0800] "GET / HTTP/1.1" 200 360 "-" "Mozilla/5.0 (X11; Ubuntu; Linux x86_64; rv:36.0) Gecko/20100101 Firefox/36.0"
47.98.103.162 - - [25/Apr/2020:09:04:44 +0800] "GET / HTTP/1.1" 200 360 "-" "Mozilla/5.0 chrome(windows nt/Windows NT;)Chrome"
106.15.191.19 - - [25/Apr/2020:11:39:25 +0800] "GET / HTTP/1.1" 200 360 "-" "Mozilla/5.0 (X11; Ubuntu; Linux x86_64; rv:36.0) Gecko/20100101 Firefox/36.0"
101.132.44.124 - - [25/Apr/2020:18:01:00 +0800] "GET / HTTP/1.1" 200 360 "-" "Mozilla/5.0 chrome(windows nt/Windows NT;)Chrome"
47.101.202.143 - - [26/Apr/2020:12:18:20 +0800] "GET / HTTP/1.1" 200 360 "-" "Mozilla/5.0 (X11; Ubuntu; Linux x86_64; rv:36.0) Gecko/20100101 Firefox/36.0"
47.100.7.25 - - [26/Apr/2020:16:38:35 +0800] "GET / HTTP/1.1" 200 360 "-" "Mozilla/5.0 (X11; Ubuntu; Linux x86_64; rv:36.0) Gecko/20100101 Firefox/36.0"
47.100.17.89 - - [27/Apr/2020:09:41:02 +0800] "GET / HTTP/1.1" 200 360 "-" "Mozilla/5.0 (X11; Ubuntu; Linux x86_64; rv:36.0) Gecko/20100101 Firefox/36.0"
120.11.14.13 - - [27/Apr/2020:13:42:51 +0800] "GET /?m=shareV2&t=topic&topic_safe_id=a0fa0779-3bce-45f6-b80a-6195bf151b18 HTTP/2.0" 200 360 "-" "Mozilla/5.0 (Linux; Android 9; SEA-AL00 Build/HUAWEISEA-AL00; wv) AppleWebKit/537.36 (KHTML, like Gecko) Version/4.0 Chrome/66.0.3359.126 MQQBrowser/6.2 TBS/045132 Mobile Safari/537.36 V1_AND_SQ_8.3.3_1376_YYB_D QQ/8.3.3.4515 NetType/WIFI WebP/0.3.0 Pixel/1080 StatusBarHeight/82 SimpleUISwitch/1 QQTheme/2921"
120.11.14.13 - - [27/Apr/2020:13:42:52 +0800] "GET /assets/FontManifest.json HTTP/2.0" 200 185 "https://stg.fygtapp.com/?m=shareV2&t=topic&topic_safe_id=a0fa0779-3bce-45f6-b80a-6195bf151b18" "Mozilla/5.0 (Linux; Android 9; SEA-AL00 Build/HUAWEISEA-AL00; wv) AppleWebKit/537.36 (KHTML, like Gecko) Version/4.0 Chrome/66.0.3359.126 MQQBrowser/6.2 TBS/045132 Mobile Safari/537.36 V1_AND_SQ_8.3.3_1376_YYB_D QQ/8.3.3.4515 NetType/WIFI WebP/0.3.0 Pixel/1080 StatusBarHeight/82 SimpleUISwitch/1 QQTheme/2921"
120.11.14.13 - - [27/Apr/2020:13:42:52 +0800] "GET /favicon.ico HTTP/2.0" 404 196 "https://stg.fygtapp.com/?m=shareV2&t=topic&topic_safe_id=a0fa0779-3bce-45f6-b80a-6195bf151b18" "Mozilla/5.0 (Linux; Android 9; SEA-AL00 Build/HUAWEISEA-AL00; wv) AppleWebKit/537.36 (KHTML, like Gecko) Version/4.0 Chrome/66.0.3359.126 MQQBrowser/6.2 TBS/045132 Mobile Safari/537.36 V1_AND_SQ_8.3.3_1376_YYB_D QQ/8.3.3.4515 NetType/WIFI WebP/0.3.0 Pixel/1080 StatusBarHeight/82 SimpleUISwitch/1 QQTheme/2921"
120.11.14.13 - - [27/Apr/2020:14:16:12 +0800] "GET /?m=shareV2&t=post&post_safe_id=f3ce7ecc-4304-410e-b2cd-f7a81f42315f HTTP/2.0" 200 360 "-" "Mozilla/5.0 (Linux; Android 9; SEA-AL00 Build/HUAWEISEA-AL00; wv) AppleWebKit/537.36 (KHTML, like Gecko) Version/4.0 Chrome/66.0.3359.126 MQQBrowser/6.2 TBS/045132 Mobile Safari/537.36 V1_AND_SQ_8.3.3_1376_YYB_D QQ/8.3.3.4515 NetType/WIFI WebP/0.3.0 Pixel/1080 StatusBarHeight/82 SimpleUISwitch/1 QQTheme/2921"
120.11.14.13 - - [27/Apr/2020:14:16:12 +0800] "GET /favicon.ico HTTP/2.0" 404 196 "https://stg.fygtapp.com/?m=shareV2&t=post&post_safe_id=f3ce7ecc-4304-410e-b2cd-f7a81f42315f" "Mozilla/5.0 (Linux; Android 9; SEA-AL00 Build/HUAWEISEA-AL00; wv) AppleWebKit/537.36 (KHTML, like Gecko) Version/4.0 Chrome/66.0.3359.126 MQQBrowser/6.2 TBS/045132 Mobile Safari/537.36 V1_AND_SQ_8.3.3_1376_YYB_D QQ/8.3.3.4515 NetType/WIFI WebP/0.3.0 Pixel/1080 StatusBarHeight/82 SimpleUISwitch/1 QQTheme/2921"
114.252.100.147 - - [27/Apr/2020:15:36:45 +0800] "GET /favicon.ico HTTP/2.0" 404 196 "https://thoughts.teambition.com/workspaces/5d43c9b5a8c30400011b18e8/docs/5d6cfbc68c163700014bfeb8" "Mozilla/5.0 (Macintosh; Intel Mac OS X 10_14_5) AppleWebKit/537.36 (KHTML, like Gecko) Chrome/80.0.3987.163 Safari/537.36"
114.252.100.147 - - [27/Apr/2020:15:44:15 +0800] "GET /favicon.ico HTTP/2.0" 404 196 "https://thoughts.teambition.com/workspaces/5d43c9b5a8c30400011b18e8/docs/5d6cfbc68c163700014bfeb8" "Mozilla/5.0 (Macintosh; Intel Mac OS X 10_15_4) AppleWebKit/537.36 (KHTML, like Gecko) Chrome/81.0.4044.122 Safari/537.36"
47.98.104.44 - - [28/Apr/2020:06:19:36 +0800] "GET / HTTP/1.1" 200 360 "-" "Mozilla/5.0 (X11; Ubuntu; Linux x86_64; rv:36.0) Gecko/20100101 Firefox/36.0"
106.14.177.124 - - [28/Apr/2020:07:41:39 +0800] "GET / HTTP/1.1" 200 360 "-" "Mozilla/5.0 (X11; Ubuntu; Linux x86_64; rv:36.0) Gecko/20100101 Firefox/36.0"
27.115.124.6 - - [28/Apr/2020:08:53:33 +0800] "GET / HTTP/2.0" 200 360 "http://baidu.com/" "Mozilla/5.0 (Linux; U; Android 8.1.0; zh-CN; EML-AL00 Build/HUAWEIEML-AL00) AppleWebKit/537.36 (KHTML, like Gecko) Version/4.0 Chrome/57.0.2987.108 baidu.sogo.uc.UCBrowser/11.9.4.974 UWS/2.13.1.48 Mobile Safari/537.36 AliApp(DingTalk/4.5.11) com.alibaba.android.rimet/10487439 Channel/227200 language/zh-CN"
27.115.124.6 - - [28/Apr/2020:08:53:40 +0800] "GET /assets/FontManifest.json HTTP/2.0" 200 185 "https://stg.fygtapp.com/" "Mozilla/5.0 (Linux; U; Android 8.1.0; zh-CN; EML-AL00 Build/HUAWEIEML-AL00) AppleWebKit/537.36 (KHTML, like Gecko) Version/4.0 Chrome/57.0.2987.108 baidu.sogo.uc.UCBrowser/11.9.4.974 UWS/2.13.1.48 Mobile Safari/537.36 AliApp(DingTalk/4.5.11) com.alibaba.android.rimet/10487439 Channel/227200 language/zh-CN"
27.115.124.70 - - [28/Apr/2020:08:53:46 +0800] "GET / HTTP/2.0" 200 360 "http://baidu.com/" "Mozilla/5.0 (Linux; U; Android 8.1.0; zh-CN; EML-AL00 Build/HUAWEIEML-AL00) AppleWebKit/537.36 (KHTML, like Gecko) Version/4.0 Chrome/57.0.2987.108 baidu.sogo.uc.UCBrowser/11.9.4.974 UWS/2.13.1.48 Mobile Safari/537.36 AliApp(DingTalk/4.5.11) com.alibaba.android.rimet/10487439 Channel/227200 language/zh-CN"
27.115.124.70 - - [28/Apr/2020:08:53:48 +0800] "GET /assets/FontManifest.json HTTP/2.0" 200 185 "https://stg.fygtapp.com/" "Mozilla/5.0 (Linux; U; Android 8.1.0; zh-CN; EML-AL00 Build/HUAWEIEML-AL00) AppleWebKit/537.36 (KHTML, like Gecko) Version/4.0 Chrome/57.0.2987.108 baidu.sogo.uc.UCBrowser/11.9.4.974 UWS/2.13.1.48 Mobile Safari/537.36 AliApp(DingTalk/4.5.11) com.alibaba.android.rimet/10487439 Channel/227200 language/zh-CN"
180.163.220.66 - - [28/Apr/2020:08:54:01 +0800] "GET / HTTP/2.0" 200 360 "http://baidu.com/" "Mozilla/5.0 (Linux; U; Android 8.1.0; zh-CN; EML-AL00 Build/HUAWEIEML-AL00) AppleWebKit/537.36 (KHTML, like Gecko) Version/4.0 Chrome/57.0.2987.108 baidu.sogo.uc.UCBrowser/11.9.4.974 UWS/2.13.1.48 Mobile Safari/537.36 AliApp(DingTalk/4.5.11) com.alibaba.android.rimet/10487439 Channel/227200 language/zh-CN"
180.163.220.4 - - [28/Apr/2020:08:54:08 +0800] "GET /assets/FontManifest.json HTTP/2.0" 200 185 "https://stg.fygtapp.com/" "Mozilla/5.0 (Linux; U; Android 8.1.0; zh-CN; EML-AL00 Build/HUAWEIEML-AL00) AppleWebKit/537.36 (KHTML, like Gecko) Version/4.0 Chrome/57.0.2987.108 baidu.sogo.uc.UCBrowser/11.9.4.974 UWS/2.13.1.48 Mobile Safari/537.36 AliApp(DingTalk/4.5.11) com.alibaba.android.rimet/10487439 Channel/227200 language/zh-CN"
180.163.220.4 - - [28/Apr/2020:08:54:20 +0800] "GET / HTTP/2.0" 200 360 "http://baidu.com/" "Mozilla/5.0 (Linux; U; Android 8.1.0; zh-CN; EML-AL00 Build/HUAWEIEML-AL00) AppleWebKit/537.36 (KHTML, like Gecko) Version/4.0 Chrome/57.0.2987.108 baidu.sogo.uc.UCBrowser/11.9.4.974 UWS/2.13.1.48 Mobile Safari/537.36 AliApp(DingTalk/4.5.11) com.alibaba.android.rimet/10487439 Channel/227200 language/zh-CN"
180.163.220.4 - - [28/Apr/2020:08:54:24 +0800] "GET /assets/FontManifest.json HTTP/2.0" 200 185 "https://stg.fygtapp.com/" "Mozilla/5.0 (Linux; U; Android 8.1.0; zh-CN; EML-AL00 Build/HUAWEIEML-AL00) AppleWebKit/537.36 (KHTML, like Gecko) Version/4.0 Chrome/57.0.2987.108 baidu.sogo.uc.UCBrowser/11.9.4.974 UWS/2.13.1.48 Mobile Safari/537.36 AliApp(DingTalk/4.5.11) com.alibaba.android.rimet/10487439 Channel/227200 language/zh-CN"
47.101.141.40 - - [28/Apr/2020:13:37:39 +0800] "GET / HTTP/1.1" 200 360 "-" "Mozilla/5.0 chrome(windows nt/Windows NT;)Chrome"
47.101.200.88 - - [28/Apr/2020:15:19:22 +0800] "GET / HTTP/1.1" 200 360 "-" "Mozilla/5.0 (X11; Ubuntu; Linux x86_64; rv:36.0) Gecko/20100101 Firefox/36.0"
47.101.159.176 - - [28/Apr/2020:18:15:14 +0800] "GET / HTTP/1.1" 200 360 "-" "Mozilla/5.0 chrome(windows nt/Windows NT;)Chrome"
47.103.17.71 - - [28/Apr/2020:22:41:56 +0800] "GET / HTTP/1.1" 200 360 "-" "Mozilla/5.0 (X11; Ubuntu; Linux x86_64; rv:36.0) Gecko/20100101 Firefox/36.0"
47.103.21.203 - - [29/Apr/2020:13:27:38 +0800] "GET / HTTP/1.1" 200 360 "-" "Mozilla/5.0 (X11; Ubuntu; Linux x86_64; rv:36.0) Gecko/20100101 Firefox/36.0"
222.129.106.104 - - [29/Apr/2020:14:09:55 +0800] "GET /?m=shareV2&t=post&post_safe_id=ef56c3a9-4c71-4f72-b4f1-88631c852c9d&from=singlemessage&isappinstalled=0 HTTP/2.0" 200 360 "-" "Mozilla/5.0 (iPhone; CPU iPhone OS 13_3_1 like Mac OS X) AppleWebKit/605.1.15 (KHTML, like Gecko) Mobile/15E148 MicroMessenger/7.0.12(0x17000c2d) NetType/WIFI Language/zh_CN"
222.129.106.104 - - [29/Apr/2020:14:09:56 +0800] "GET /assets/FontManifest.json HTTP/2.0" 200 185 "https://stg.fygtapp.com/?m=shareV2&t=post&post_safe_id=ef56c3a9-4c71-4f72-b4f1-88631c852c9d&from=singlemessage&isappinstalled=0" "Mozilla/5.0 (iPhone; CPU iPhone OS 13_3_1 like Mac OS X) AppleWebKit/605.1.15 (KHTML, like Gecko) Mobile/15E148 MicroMessenger/7.0.12(0x17000c2d) NetType/WIFI Language/zh_CN"
222.129.106.104 - - [29/Apr/2020:14:10:00 +0800] "GET /?m=shareV2&t=post&post_safe_id=1168de90-9a39-413a-8dbc-d04af819d425&from=singlemessage&isappinstalled=0 HTTP/2.0" 200 360 "-" "Mozilla/5.0 (iPhone; CPU iPhone OS 13_3_1 like Mac OS X) AppleWebKit/605.1.15 (KHTML, like Gecko) Mobile/15E148 MicroMessenger/7.0.12(0x17000c2d) NetType/WIFI Language/zh_CN"
47.101.200.193 - - [29/Apr/2020:17:13:52 +0800] "GET / HTTP/1.1" 200 360 "-" "Mozilla/5.0 (X11; Ubuntu; Linux x86_64; rv:36.0) Gecko/20100101 Firefox/36.0"
47.101.199.100 - - [30/Apr/2020:12:03:50 +0800] "GET / HTTP/1.1" 200 360 "-" "Mozilla/5.0 (X11; Ubuntu; Linux x86_64; rv:36.0) Gecko/20100101 Firefox/36.0"
120.11.14.13 - - [30/Apr/2020:15:53:52 +0800] "GET /?m=shareV2&t=post&post_safe_id= HTTP/2.0" 200 360 "-" "Mozilla/5.0 (Linux; Android 9; SEA-AL00) AppleWebKit/537.36 (KHTML, like Gecko) Chrome/74.0.3729.136 Mobile Safari/537.36"
120.11.14.13 - - [30/Apr/2020:15:54:13 +0800] "GET /assets/FontManifest.json HTTP/2.0" 200 185 "https://stg.fygtapp.com/?m=shareV2&t=post&post_safe_id=" "Mozilla/5.0 (Linux; Android 9; SEA-AL00) AppleWebKit/537.36 (KHTML, like Gecko) Chrome/74.0.3729.136 Mobile Safari/537.36"
120.11.14.13 - - [30/Apr/2020:15:54:13 +0800] "GET /favicon.ico HTTP/2.0" 404 196 "https://stg.fygtapp.com/?m=shareV2&t=post&post_safe_id=" "Mozilla/5.0 (Linux; Android 9; SEA-AL00) AppleWebKit/537.36 (KHTML, like Gecko) Chrome/74.0.3729.136 Mobile Safari/537.36"
120.11.14.13 - - [30/Apr/2020:15:57:14 +0800] "GET /favicon.ico HTTP/2.0" 404 196 "https://stg.fygtapp.com/?m=shareV2&t=post&post_safe_id=" "Mozilla/5.0 (Linux; Android 9; SEA-AL00) AppleWebKit/537.36 (KHTML, like Gecko) Chrome/74.0.3729.136 Mobile Safari/537.36"
120.11.14.13 - - [30/Apr/2020:15:57:14 +0800] "GET /favicon.ico HTTP/2.0" 404 196 "https://stg.fygtapp.com/?m=shareV2&t=post&post_safe_id=" "Mozilla/5.0 (Linux; Android 9; SEA-AL00) AppleWebKit/537.36 (KHTML, like Gecko) Chrome/74.0.3729.136 Mobile Safari/537.36"
120.11.14.13 - - [30/Apr/2020:15:57:30 +0800] "GET /favicon.ico HTTP/2.0" 404 196 "https://stg.fygtapp.com/?m=shareV2&t=post&post_safe_id=" "Mozilla/5.0 (Linux; Android 9; SEA-AL00) AppleWebKit/537.36 (KHTML, like Gecko) Chrome/74.0.3729.136 Mobile Safari/537.36"
120.11.14.13 - - [30/Apr/2020:15:57:31 +0800] "GET /favicon.ico HTTP/2.0" 404 196 "https://stg.fygtapp.com/?m=shareV2&t=post&post_safe_id=" "Mozilla/5.0 (Linux; Android 9; SEA-AL00) AppleWebKit/537.36 (KHTML, like Gecko) Chrome/74.0.3729.136 Mobile Safari/537.36"
47.101.190.233 - - [30/Apr/2020:17:11:21 +0800] "GET / HTTP/1.1" 200 360 "-" "Mozilla/5.0 (X11; Ubuntu; Linux x86_64; rv:36.0) Gecko/20100101 Firefox/36.0"
139.196.97.68 - - [01/May/2020:11:21:23 +0800] "GET / HTTP/1.1" 200 360 "-" "Mozilla/5.0 (X11; Ubuntu; Linux x86_64; rv:36.0) Gecko/20100101 Firefox/36.0"
47.98.104.91 - - [01/May/2020:13:37:58 +0800] "GET / HTTP/1.1" 200 360 "-" "Mozilla/5.0 chrome(windows nt/Windows NT;)Chrome"
47.101.201.15 - - [01/May/2020:20:37:56 +0800] "GET / HTTP/1.1" 200 360 "-" "Mozilla/5.0 (X11; Ubuntu; Linux x86_64; rv:36.0) Gecko/20100101 Firefox/36.0"
47.92.130.247 - - [02/May/2020:06:28:21 +0800] "GET / HTTP/1.1" 200 360 "-" "Mozilla/5.0 chrome(windows nt/Windows NT;)Chrome"
101.133.219.77 - - [02/May/2020:10:55:39 +0800] "GET / HTTP/1.1" 200 360 "-" "Mozilla/5.0 (Windows NT 10.0; Win64; x64) AppleWebKit/537.36 (KHTML, like Gecko) Chrome/59.0.3071.115 Safari/537.36"
101.133.219.77 - - [02/May/2020:10:55:39 +0800] "GET /explicit_not_exist_path HTTP/1.1" 404 196 "-" "Mozilla/5.0 (Windows NT 10.0; Win64; x64) AppleWebKit/537.36 (KHTML, like Gecko) Chrome/59.0.3071.115 Safari/537.36"
101.133.219.77 - - [02/May/2020:10:55:39 +0800] "GET /index.html HTTP/1.1" 200 360 "-" "Mozilla/5.0 (Windows NT 10.0; Win64; x64) AppleWebKit/537.36 (KHTML, like Gecko) Chrome/59.0.3071.115 Safari/537.36"
101.133.219.77 - - [02/May/2020:10:55:40 +0800] "GET /index.php HTTP/1.1" 404 196 "-" "Mozilla/5.0 (Windows NT 10.0; Win64; x64) AppleWebKit/537.36 (KHTML, like Gecko) Chrome/59.0.3071.115 Safari/537.36"
101.133.219.77 - - [02/May/2020:10:55:40 +0800] "GET /index.jsp HTTP/1.1" 404 196 "-" "Mozilla/5.0 (Windows NT 10.0; Win64; x64) AppleWebKit/537.36 (KHTML, like Gecko) Chrome/59.0.3071.115 Safari/537.36"
101.133.219.77 - - [02/May/2020:10:55:40 +0800] "GET /admin/ HTTP/1.1" 404 196 "-" "Mozilla/5.0 (Windows NT 10.0; Win64; x64) AppleWebKit/537.36 (KHTML, like Gecko) Chrome/59.0.3071.115 Safari/537.36"
101.133.219.77 - - [02/May/2020:10:55:40 +0800] "GET /favicon.ico HTTP/1.1" 404 196 "-" "Mozilla/5.0 (Windows NT 10.0; Win64; x64) AppleWebKit/537.36 (KHTML, like Gecko) Chrome/59.0.3071.115 Safari/537.36"
101.133.219.77 - - [02/May/2020:10:55:40 +0800] "GET /robots.txt HTTP/1.1" 404 196 "-" "Mozilla/5.0 (Windows NT 10.0; Win64; x64) AppleWebKit/537.36 (KHTML, like Gecko) Chrome/59.0.3071.115 Safari/537.36"
101.133.219.77 - - [02/May/2020:10:55:41 +0800] "GET /wcm/ HTTP/1.1" 404 196 "-" "Mozilla/5.0 (Windows NT 10.0; Win64; x64) AppleWebKit/537.36 (KHTML, like Gecko) Chrome/59.0.3071.115 Safari/537.36"
101.133.219.77 - - [02/May/2020:10:55:41 +0800] "GET /phpMyAdmin/ HTTP/1.1" 404 196 "-" "Mozilla/5.0 (Windows NT 10.0; Win64; x64) AppleWebKit/537.36 (KHTML, like Gecko) Chrome/59.0.3071.115 Safari/537.36"
101.133.219.77 - - [02/May/2020:10:55:41 +0800] "GET /phpmyadmin/ HTTP/1.1" 404 196 "-" "Mozilla/5.0 (Windows NT 10.0; Win64; x64) AppleWebKit/537.36 (KHTML, like Gecko) Chrome/59.0.3071.115 Safari/537.36"
47.100.238.73 - - [02/May/2020:12:05:17 +0800] "GET / HTTP/1.1" 200 360 "-" "Mozilla/5.0 (X11; Ubuntu; Linux x86_64; rv:36.0) Gecko/20100101 Firefox/36.0"
